Last updated on 2025-02-23 15:49:43 CET.
Flavor | Version | Tinstall | Tcheck | Ttotal | Status | Flags |
---|---|---|---|---|---|---|
r-devel-linux-x86_64-debian-clang | 0.1.0.4 | 174.53 | 58.89 | 233.42 | NOTE | |
r-devel-linux-x86_64-debian-gcc | 0.1.0.4 | 127.93 | 40.33 | 168.26 | NOTE | |
r-devel-linux-x86_64-fedora-clang | 0.1.0.4 | 451.44 | NOTE | |||
r-devel-linux-x86_64-fedora-gcc | 0.1.0.4 | 457.81 | NOTE | |||
r-devel-macos-arm64 | 0.1.0.4 | 93.00 | NOTE | |||
r-devel-macos-x86_64 | 0.1.0.4 | 138.00 | NOTE | |||
r-devel-windows-x86_64 | 0.1.0.4 | 192.00 | 113.00 | 305.00 | NOTE | |
r-patched-linux-x86_64 | 0.1.0.4 | 183.58 | 52.40 | 235.98 | NOTE | |
r-release-linux-x86_64 | 0.1.0.4 | 185.86 | 52.24 | 238.10 | NOTE | |
r-release-macos-arm64 | 0.1.0.4 | 87.00 | NOTE | |||
r-release-macos-x86_64 | 0.1.0.4 | 109.00 | NOTE | |||
r-release-windows-x86_64 | 0.1.0.4 | 192.00 | 104.00 | 296.00 | NOTE | |
r-oldrel-macos-arm64 | 0.1.0.4 | 133.00 | NOTE | |||
r-oldrel-macos-x86_64 | 0.1.0.4 | 205.00 | NOTE | |||
r-oldrel-windows-x86_64 | 0.1.0.4 | 232.00 | 122.00 | 354.00 | NOTE |
Version: 0.1.0.4
Check: C++ specification
Result: NOTE
Specified C++11: please drop specification unless essential
Flavors: r-devel-linux-x86_64-debian-clang, r-devel-linux-x86_64-debian-gcc, r-devel-linux-x86_64-fedora-clang, r-devel-linux-x86_64-fedora-gcc, r-devel-macos-arm64, r-devel-macos-x86_64, r-devel-windows-x86_64, r-patched-linux-x86_64, r-release-linux-x86_64, r-release-macos-arm64, r-release-macos-x86_64, r-release-windows-x86_64, r-oldrel-macos-arm64, r-oldrel-macos-x86_64, r-oldrel-windows-x86_64
Version: 0.1.0.4
Check: Rd files
Result: NOTE
checkRd: (-1) gbp1d.Rd:20: Lost braces; missing escapes or markup?
20 | maximize sum_{j=1}^{n} p_{j} x_{j}
| ^
checkRd: (-1) gbp1d.Rd:20: Lost braces; missing escapes or markup?
20 | maximize sum_{j=1}^{n} p_{j} x_{j}
| ^
checkRd: (-1) gbp1d.Rd:20: Lost braces; missing escapes or markup?
20 | maximize sum_{j=1}^{n} p_{j} x_{j}
| ^
checkRd: (-1) gbp1d.Rd:20: Lost braces; missing escapes or markup?
20 | maximize sum_{j=1}^{n} p_{j} x_{j}
| ^
checkRd: (-1) gbp1d.Rd:22: Lost braces; missing escapes or markup?
22 | subject to sum_{j=1}^{n} w_{j} x_{j} leq c
| ^
checkRd: (-1) gbp1d.Rd:22: Lost braces; missing escapes or markup?
22 | subject to sum_{j=1}^{n} w_{j} x_{j} leq c
| ^
checkRd: (-1) gbp1d.Rd:22: Lost braces; missing escapes or markup?
22 | subject to sum_{j=1}^{n} w_{j} x_{j} leq c
| ^
checkRd: (-1) gbp1d.Rd:22: Lost braces; missing escapes or markup?
22 | subject to sum_{j=1}^{n} w_{j} x_{j} leq c
| ^
checkRd: (-1) gbp1d.Rd:23: Lost braces; missing escapes or markup?
23 | x_{j} in {0, 1}, j = 1, ...., n
| ^
checkRd: (-1) gbp1d.Rd:23: Lost braces; missing escapes or markup?
23 | x_{j} in {0, 1}, j = 1, ...., n
| ^
checkRd: (-1) gbp1d_solver_dpp.Rd:30: Lost braces; missing escapes or markup?
30 | maximize sum_{j=1}^{n} p_{j} x_{j}
| ^
checkRd: (-1) gbp1d_solver_dpp.Rd:30: Lost braces; missing escapes or markup?
30 | maximize sum_{j=1}^{n} p_{j} x_{j}
| ^
checkRd: (-1) gbp1d_solver_dpp.Rd:30: Lost braces; missing escapes or markup?
30 | maximize sum_{j=1}^{n} p_{j} x_{j}
| ^
checkRd: (-1) gbp1d_solver_dpp.Rd:30: Lost braces; missing escapes or markup?
30 | maximize sum_{j=1}^{n} p_{j} x_{j}
| ^
checkRd: (-1) gbp1d_solver_dpp.Rd:32: Lost braces; missing escapes or markup?
32 | subject to sum_{j=1}^{n} w_{j} x_{j} leq c
| ^
checkRd: (-1) gbp1d_solver_dpp.Rd:32: Lost braces; missing escapes or markup?
32 | subject to sum_{j=1}^{n} w_{j} x_{j} leq c
| ^
checkRd: (-1) gbp1d_solver_dpp.Rd:32: Lost braces; missing escapes or markup?
32 | subject to sum_{j=1}^{n} w_{j} x_{j} leq c
| ^
checkRd: (-1) gbp1d_solver_dpp.Rd:32: Lost braces; missing escapes or markup?
32 | subject to sum_{j=1}^{n} w_{j} x_{j} leq c
| ^
checkRd: (-1) gbp1d_solver_dpp.Rd:33: Lost braces; missing escapes or markup?
33 | x_{j} in {0, 1}, j = 1, ...., n
| ^
checkRd: (-1) gbp1d_solver_dpp.Rd:33: Lost braces; missing escapes or markup?
33 | x_{j} in {0, 1}, j = 1, ...., n
| ^
checkRd: (-1) gbp2d.Rd:23: Lost braces; missing escapes or markup?
23 | maximize sum_{j=1}^{n} p_{j} k_{j}
| ^
checkRd: (-1) gbp2d.Rd:23: Lost braces; missing escapes or markup?
23 | maximize sum_{j=1}^{n} p_{j} k_{j}
| ^
checkRd: (-1) gbp2d.Rd:23: Lost braces; missing escapes or markup?
23 | maximize sum_{j=1}^{n} p_{j} k_{j}
| ^
checkRd: (-1) gbp2d.Rd:23: Lost braces; missing escapes or markup?
23 | maximize sum_{j=1}^{n} p_{j} k_{j}
| ^
checkRd: (-1) gbp2d.Rd:25: Lost braces; missing escapes or markup?
25 | subject to fit (l_{j}, d_{j}) at coordinate (x_{j}, y_{j})
| ^
checkRd: (-1) gbp2d.Rd:25: Lost braces; missing escapes or markup?
25 | subject to fit (l_{j}, d_{j}) at coordinate (x_{j}, y_{j})
| ^
checkRd: (-1) gbp2d.Rd:25: Lost braces; missing escapes or markup?
25 | subject to fit (l_{j}, d_{j}) at coordinate (x_{j}, y_{j})
| ^
checkRd: (-1) gbp2d.Rd:25: Lost braces; missing escapes or markup?
25 | subject to fit (l_{j}, d_{j}) at coordinate (x_{j}, y_{j})
| ^
checkRd: (-1) gbp2d_solver_dpp.Rd:34: Lost braces; missing escapes or markup?
34 | maximize sum_{j=1}^{n} p_{j} k_{j}
| ^
checkRd: (-1) gbp2d_solver_dpp.Rd:34: Lost braces; missing escapes or markup?
34 | maximize sum_{j=1}^{n} p_{j} k_{j}
| ^
checkRd: (-1) gbp2d_solver_dpp.Rd:34: Lost braces; missing escapes or markup?
34 | maximize sum_{j=1}^{n} p_{j} k_{j}
| ^
checkRd: (-1) gbp2d_solver_dpp.Rd:34: Lost braces; missing escapes or markup?
34 | maximize sum_{j=1}^{n} p_{j} k_{j}
| ^
checkRd: (-1) gbp2d_solver_dpp.Rd:36: Lost braces; missing escapes or markup?
36 | subject to fit (l_{j}, d_{j}) at coordinate (x_{j}, y_{j})
| ^
checkRd: (-1) gbp2d_solver_dpp.Rd:36: Lost braces; missing escapes or markup?
36 | subject to fit (l_{j}, d_{j}) at coordinate (x_{j}, y_{j})
| ^
checkRd: (-1) gbp2d_solver_dpp.Rd:36: Lost braces; missing escapes or markup?
36 | subject to fit (l_{j}, d_{j}) at coordinate (x_{j}, y_{j})
| ^
checkRd: (-1) gbp2d_solver_dpp.Rd:36: Lost braces; missing escapes or markup?
36 | subject to fit (l_{j}, d_{j}) at coordinate (x_{j}, y_{j})
| ^
checkRd: (-1) gbp2q.Rd:23: Lost braces; missing escapes or markup?
23 | maximize sum_{j=1}^{n} p_{j} k_{j}
| ^
checkRd: (-1) gbp2q.Rd:23: Lost braces; missing escapes or markup?
23 | maximize sum_{j=1}^{n} p_{j} k_{j}
| ^
checkRd: (-1) gbp2q.Rd:23: Lost braces; missing escapes or markup?
23 | maximize sum_{j=1}^{n} p_{j} k_{j}
| ^
checkRd: (-1) gbp2q.Rd:23: Lost braces; missing escapes or markup?
23 | maximize sum_{j=1}^{n} p_{j} k_{j}
| ^
checkRd: (-1) gbp2q.Rd:25: Lost braces; missing escapes or markup?
25 | subject to fit (l_{j}, d_{j}) at coordinate (x_{j}, y_{j})
| ^
checkRd: (-1) gbp2q.Rd:25: Lost braces; missing escapes or markup?
25 | subject to fit (l_{j}, d_{j}) at coordinate (x_{j}, y_{j})
| ^
checkRd: (-1) gbp2q.Rd:25: Lost braces; missing escapes or markup?
25 | subject to fit (l_{j}, d_{j}) at coordinate (x_{j}, y_{j})
| ^
checkRd: (-1) gbp2q.Rd:25: Lost braces; missing escapes or markup?
25 | subject to fit (l_{j}, d_{j}) at coordinate (x_{j}, y_{j})
| ^
checkRd: (-1) gbp3d.Rd:23: Lost braces; missing escapes or markup?
23 | maximize sum_{j=1}^{n} p_{j} k_{j}
| ^
checkRd: (-1) gbp3d.Rd:23: Lost braces; missing escapes or markup?
23 | maximize sum_{j=1}^{n} p_{j} k_{j}
| ^
checkRd: (-1) gbp3d.Rd:23: Lost braces; missing escapes or markup?
23 | maximize sum_{j=1}^{n} p_{j} k_{j}
| ^
checkRd: (-1) gbp3d.Rd:23: Lost braces; missing escapes or markup?
23 | maximize sum_{j=1}^{n} p_{j} k_{j}
| ^
checkRd: (-1) gbp3d.Rd:25: Lost braces; missing escapes or markup?
25 | subject to fit (l_{j}, d_{j}, h_{j}) at coordinate (x_{j}, y_{j}, z_{j})
| ^
checkRd: (-1) gbp3d.Rd:25: Lost braces; missing escapes or markup?
25 | subject to fit (l_{j}, d_{j}, h_{j}) at coordinate (x_{j}, y_{j}, z_{j})
| ^
checkRd: (-1) gbp3d.Rd:25: Lost braces; missing escapes or markup?
25 | subject to fit (l_{j}, d_{j}, h_{j}) at coordinate (x_{j}, y_{j}, z_{j})
| ^
checkRd: (-1) gbp3d.Rd:25: Lost braces; missing escapes or markup?
25 | subject to fit (l_{j}, d_{j}, h_{j}) at coordinate (x_{j}, y_{j}, z_{j})
| ^
checkRd: (-1) gbp3d.Rd:25: Lost braces; missing escapes or markup?
25 | subject to fit (l_{j}, d_{j}, h_{j}) at coordinate (x_{j}, y_{j}, z_{j})
| ^
checkRd: (-1) gbp3d.Rd:25: Lost braces; missing escapes or markup?
25 | subject to fit (l_{j}, d_{j}, h_{j}) at coordinate (x_{j}, y_{j}, z_{j})
| ^
checkRd: (-1) gbp3d.Rd:55: Lost braces; missing escapes or markup?
55 | and solver would often maximize sum_{j=1}^{n} v_{j} k_{j} instead of sum_{j=1}^{n} p_{j} k_{j}
| ^
checkRd: (-1) gbp3d.Rd:55: Lost braces; missing escapes or markup?
55 | and solver would often maximize sum_{j=1}^{n} v_{j} k_{j} instead of sum_{j=1}^{n} p_{j} k_{j}
| ^
checkRd: (-1) gbp3d.Rd:55: Lost braces; missing escapes or markup?
55 | and solver would often maximize sum_{j=1}^{n} v_{j} k_{j} instead of sum_{j=1}^{n} p_{j} k_{j}
| ^
checkRd: (-1) gbp3d.Rd:55: Lost braces; missing escapes or markup?
55 | and solver would often maximize sum_{j=1}^{n} v_{j} k_{j} instead of sum_{j=1}^{n} p_{j} k_{j}
| ^
checkRd: (-1) gbp3d.Rd:55: Lost braces; missing escapes or markup?
55 | and solver would often maximize sum_{j=1}^{n} v_{j} k_{j} instead of sum_{j=1}^{n} p_{j} k_{j}
| ^
checkRd: (-1) gbp3d.Rd:55: Lost braces; missing escapes or markup?
55 | and solver would often maximize sum_{j=1}^{n} v_{j} k_{j} instead of sum_{j=1}^{n} p_{j} k_{j}
| ^
checkRd: (-1) gbp3d.Rd:55: Lost braces; missing escapes or markup?
55 | and solver would often maximize sum_{j=1}^{n} v_{j} k_{j} instead of sum_{j=1}^{n} p_{j} k_{j}
| ^
checkRd: (-1) gbp3d.Rd:55: Lost braces; missing escapes or markup?
55 | and solver would often maximize sum_{j=1}^{n} v_{j} k_{j} instead of sum_{j=1}^{n} p_{j} k_{j}
| ^
checkRd: (-1) gbp3d_solver_dpp.Rd:34: Lost braces; missing escapes or markup?
34 | maximize sum_{j=1}^{n} p_{j} k_{j}
| ^
checkRd: (-1) gbp3d_solver_dpp.Rd:34: Lost braces; missing escapes or markup?
34 | maximize sum_{j=1}^{n} p_{j} k_{j}
| ^
checkRd: (-1) gbp3d_solver_dpp.Rd:34: Lost braces; missing escapes or markup?
34 | maximize sum_{j=1}^{n} p_{j} k_{j}
| ^
checkRd: (-1) gbp3d_solver_dpp.Rd:34: Lost braces; missing escapes or markup?
34 | maximize sum_{j=1}^{n} p_{j} k_{j}
| ^
checkRd: (-1) gbp3d_solver_dpp.Rd:36: Lost braces; missing escapes or markup?
36 | subject to fit (l_{j}, d_{j}, h_{j}) at coordinate (x_{j}, y_{j}, z_{j})
| ^
checkRd: (-1) gbp3d_solver_dpp.Rd:36: Lost braces; missing escapes or markup?
36 | subject to fit (l_{j}, d_{j}, h_{j}) at coordinate (x_{j}, y_{j}, z_{j})
| ^
checkRd: (-1) gbp3d_solver_dpp.Rd:36: Lost braces; missing escapes or markup?
36 | subject to fit (l_{j}, d_{j}, h_{j}) at coordinate (x_{j}, y_{j}, z_{j})
| ^
checkRd: (-1) gbp3d_solver_dpp.Rd:36: Lost braces; missing escapes or markup?
36 | subject to fit (l_{j}, d_{j}, h_{j}) at coordinate (x_{j}, y_{j}, z_{j})
| ^
checkRd: (-1) gbp3d_solver_dpp.Rd:36: Lost braces; missing escapes or markup?
36 | subject to fit (l_{j}, d_{j}, h_{j}) at coordinate (x_{j}, y_{j}, z_{j})
| ^
checkRd: (-1) gbp3d_solver_dpp.Rd:36: Lost braces; missing escapes or markup?
36 | subject to fit (l_{j}, d_{j}, h_{j}) at coordinate (x_{j}, y_{j}, z_{j})
| ^
checkRd: (-1) gbp3q.Rd:23: Lost braces; missing escapes or markup?
23 | maximize sum_{j=1}^{n} p_{j} k_{j}
| ^
checkRd: (-1) gbp3q.Rd:23: Lost braces; missing escapes or markup?
23 | maximize sum_{j=1}^{n} p_{j} k_{j}
| ^
checkRd: (-1) gbp3q.Rd:23: Lost braces; missing escapes or markup?
23 | maximize sum_{j=1}^{n} p_{j} k_{j}
| ^
checkRd: (-1) gbp3q.Rd:23: Lost braces; missing escapes or markup?
23 | maximize sum_{j=1}^{n} p_{j} k_{j}
| ^
checkRd: (-1) gbp3q.Rd:25: Lost braces; missing escapes or markup?
25 | subject to fit (l_{j}, d_{j}, h_{j}) at coordinate (x_{j}, y_{j}, z_{j})
| ^
checkRd: (-1) gbp3q.Rd:25: Lost braces; missing escapes or markup?
25 | subject to fit (l_{j}, d_{j}, h_{j}) at coordinate (x_{j}, y_{j}, z_{j})
| ^
checkRd: (-1) gbp3q.Rd:25: Lost braces; missing escapes or markup?
25 | subject to fit (l_{j}, d_{j}, h_{j}) at coordinate (x_{j}, y_{j}, z_{j})
| ^
checkRd: (-1) gbp3q.Rd:25: Lost braces; missing escapes or markup?
25 | subject to fit (l_{j}, d_{j}, h_{j}) at coordinate (x_{j}, y_{j}, z_{j})
| ^
checkRd: (-1) gbp3q.Rd:25: Lost braces; missing escapes or markup?
25 | subject to fit (l_{j}, d_{j}, h_{j}) at coordinate (x_{j}, y_{j}, z_{j})
| ^
checkRd: (-1) gbp3q.Rd:25: Lost braces; missing escapes or markup?
25 | subject to fit (l_{j}, d_{j}, h_{j}) at coordinate (x_{j}, y_{j}, z_{j})
| ^
checkRd: (-1) gbp4d.Rd:23: Lost braces; missing escapes or markup?
23 | maximize sum_{j=1}^{n} p_{j} k_{j}
| ^
checkRd: (-1) gbp4d.Rd:23: Lost braces; missing escapes or markup?
23 | maximize sum_{j=1}^{n} p_{j} k_{j}
| ^
checkRd: (-1) gbp4d.Rd:23: Lost braces; missing escapes or markup?
23 | maximize sum_{j=1}^{n} p_{j} k_{j}
| ^
checkRd: (-1) gbp4d.Rd:23: Lost braces; missing escapes or markup?
23 | maximize sum_{j=1}^{n} p_{j} k_{j}
| ^
checkRd: (-1) gbp4d.Rd:25: Lost braces; missing escapes or markup?
25 | subject to sum_{j=1}^{n} w_{j} k_{j} leq mw and
| ^
checkRd: (-1) gbp4d.Rd:25: Lost braces; missing escapes or markup?
25 | subject to sum_{j=1}^{n} w_{j} k_{j} leq mw and
| ^
checkRd: (-1) gbp4d.Rd:25: Lost braces; missing escapes or markup?
25 | subject to sum_{j=1}^{n} w_{j} k_{j} leq mw and
| ^
checkRd: (-1) gbp4d.Rd:25: Lost braces; missing escapes or markup?
25 | subject to sum_{j=1}^{n} w_{j} k_{j} leq mw and
| ^
checkRd: (-1) gbp4d.Rd:27: Lost braces; missing escapes or markup?
27 | fit (l_{j}, d_{j}, h_{j}) at coordinate (x_{j}, y_{j}, z_{j})
| ^
checkRd: (-1) gbp4d.Rd:27: Lost braces; missing escapes or markup?
27 | fit (l_{j}, d_{j}, h_{j}) at coordinate (x_{j}, y_{j}, z_{j})
| ^
checkRd: (-1) gbp4d.Rd:27: Lost braces; missing escapes or markup?
27 | fit (l_{j}, d_{j}, h_{j}) at coordinate (x_{j}, y_{j}, z_{j})
| ^
checkRd: (-1) gbp4d.Rd:27: Lost braces; missing escapes or markup?
27 | fit (l_{j}, d_{j}, h_{j}) at coordinate (x_{j}, y_{j}, z_{j})
| ^
checkRd: (-1) gbp4d.Rd:27: Lost braces; missing escapes or markup?
27 | fit (l_{j}, d_{j}, h_{j}) at coordinate (x_{j}, y_{j}, z_{j})
| ^
checkRd: (-1) gbp4d.Rd:27: Lost braces; missing escapes or markup?
27 | fit (l_{j}, d_{j}, h_{j}) at coordinate (x_{j}, y_{j}, z_{j})
| ^
checkRd: (-1) gbp4d.Rd:57: Lost braces; missing escapes or markup?
57 | and solver would often maximize sum_{j=1}^{n} v_{j} k_{j} instead of sum_{j=1}^{n} p_{j} k_{j}
| ^
checkRd: (-1) gbp4d.Rd:57: Lost braces; missing escapes or markup?
57 | and solver would often maximize sum_{j=1}^{n} v_{j} k_{j} instead of sum_{j=1}^{n} p_{j} k_{j}
| ^
checkRd: (-1) gbp4d.Rd:57: Lost braces; missing escapes or markup?
57 | and solver would often maximize sum_{j=1}^{n} v_{j} k_{j} instead of sum_{j=1}^{n} p_{j} k_{j}
| ^
checkRd: (-1) gbp4d.Rd:57: Lost braces; missing escapes or markup?
57 | and solver would often maximize sum_{j=1}^{n} v_{j} k_{j} instead of sum_{j=1}^{n} p_{j} k_{j}
| ^
checkRd: (-1) gbp4d.Rd:57: Lost braces; missing escapes or markup?
57 | and solver would often maximize sum_{j=1}^{n} v_{j} k_{j} instead of sum_{j=1}^{n} p_{j} k_{j}
| ^
checkRd: (-1) gbp4d.Rd:57: Lost braces; missing escapes or markup?
57 | and solver would often maximize sum_{j=1}^{n} v_{j} k_{j} instead of sum_{j=1}^{n} p_{j} k_{j}
| ^
checkRd: (-1) gbp4d.Rd:57: Lost braces; missing escapes or markup?
57 | and solver would often maximize sum_{j=1}^{n} v_{j} k_{j} instead of sum_{j=1}^{n} p_{j} k_{j}
| ^
checkRd: (-1) gbp4d.Rd:57: Lost braces; missing escapes or markup?
57 | and solver would often maximize sum_{j=1}^{n} v_{j} k_{j} instead of sum_{j=1}^{n} p_{j} k_{j}
| ^
checkRd: (-1) gbp4d_solver_dpp.Rd:34: Lost braces; missing escapes or markup?
34 | maximize sum_{j=1}^{n} p_{j} k_{j}
| ^
checkRd: (-1) gbp4d_solver_dpp.Rd:34: Lost braces; missing escapes or markup?
34 | maximize sum_{j=1}^{n} p_{j} k_{j}
| ^
checkRd: (-1) gbp4d_solver_dpp.Rd:34: Lost braces; missing escapes or markup?
34 | maximize sum_{j=1}^{n} p_{j} k_{j}
| ^
checkRd: (-1) gbp4d_solver_dpp.Rd:34: Lost braces; missing escapes or markup?
34 | maximize sum_{j=1}^{n} p_{j} k_{j}
| ^
checkRd: (-1) gbp4d_solver_dpp.Rd:36: Lost braces; missing escapes or markup?
36 | subject to sum_{j=1}^{n} w_{j} k_{j} leq mw and
| ^
checkRd: (-1) gbp4d_solver_dpp.Rd:36: Lost braces; missing escapes or markup?
36 | subject to sum_{j=1}^{n} w_{j} k_{j} leq mw and
| ^
checkRd: (-1) gbp4d_solver_dpp.Rd:36: Lost braces; missing escapes or markup?
36 | subject to sum_{j=1}^{n} w_{j} k_{j} leq mw and
| ^
checkRd: (-1) gbp4d_solver_dpp.Rd:36: Lost braces; missing escapes or markup?
36 | subject to sum_{j=1}^{n} w_{j} k_{j} leq mw and
| ^
checkRd: (-1) gbp4d_solver_dpp.Rd:38: Lost braces; missing escapes or markup?
38 | fit (l_{j}, d_{j}, h_{j}) at coordinate (x_{j}, y_{j}, z_{j})
| ^
checkRd: (-1) gbp4d_solver_dpp.Rd:38: Lost braces; missing escapes or markup?
38 | fit (l_{j}, d_{j}, h_{j}) at coordinate (x_{j}, y_{j}, z_{j})
| ^
checkRd: (-1) gbp4d_solver_dpp.Rd:38: Lost braces; missing escapes or markup?
38 | fit (l_{j}, d_{j}, h_{j}) at coordinate (x_{j}, y_{j}, z_{j})
| ^
checkRd: (-1) gbp4d_solver_dpp.Rd:38: Lost braces; missing escapes or markup?
38 | fit (l_{j}, d_{j}, h_{j}) at coordinate (x_{j}, y_{j}, z_{j})
| ^
checkRd: (-1) gbp4d_solver_dpp.Rd:38: Lost braces; missing escapes or markup?
38 | fit (l_{j}, d_{j}, h_{j}) at coordinate (x_{j}, y_{j}, z_{j})
| ^
checkRd: (-1) gbp4d_solver_dpp.Rd:38: Lost braces; missing escapes or markup?
38 | fit (l_{j}, d_{j}, h_{j}) at coordinate (x_{j}, y_{j}, z_{j})
| ^
checkRd: (-1) gbp4q.Rd:23: Lost braces; missing escapes or markup?
23 | maximize sum_{j=1}^{n} p_{j} k_{j}
| ^
checkRd: (-1) gbp4q.Rd:23: Lost braces; missing escapes or markup?
23 | maximize sum_{j=1}^{n} p_{j} k_{j}
| ^
checkRd: (-1) gbp4q.Rd:23: Lost braces; missing escapes or markup?
23 | maximize sum_{j=1}^{n} p_{j} k_{j}
| ^
checkRd: (-1) gbp4q.Rd:23: Lost braces; missing escapes or markup?
23 | maximize sum_{j=1}^{n} p_{j} k_{j}
| ^
checkRd: (-1) gbp4q.Rd:25: Lost braces; missing escapes or markup?
25 | subject to sum_{j=1}^{n} w_{j} k_{j} leq mw and
| ^
checkRd: (-1) gbp4q.Rd:25: Lost braces; missing escapes or markup?
25 | subject to sum_{j=1}^{n} w_{j} k_{j} leq mw and
| ^
checkRd: (-1) gbp4q.Rd:25: Lost braces; missing escapes or markup?
25 | subject to sum_{j=1}^{n} w_{j} k_{j} leq mw and
| ^
checkRd: (-1) gbp4q.Rd:25: Lost braces; missing escapes or markup?
25 | subject to sum_{j=1}^{n} w_{j} k_{j} leq mw and
| ^
checkRd: (-1) gbp4q.Rd:27: Lost braces; missing escapes or markup?
27 | fit (l_{j}, d_{j}, h_{j}) at coordinate (x_{j}, y_{j}, z_{j})
| ^
checkRd: (-1) gbp4q.Rd:27: Lost braces; missing escapes or markup?
27 | fit (l_{j}, d_{j}, h_{j}) at coordinate (x_{j}, y_{j}, z_{j})
| ^
checkRd: (-1) gbp4q.Rd:27: Lost braces; missing escapes or markup?
27 | fit (l_{j}, d_{j}, h_{j}) at coordinate (x_{j}, y_{j}, z_{j})
| ^
checkRd: (-1) gbp4q.Rd:27: Lost braces; missing escapes or markup?
27 | fit (l_{j}, d_{j}, h_{j}) at coordinate (x_{j}, y_{j}, z_{j})
| ^
checkRd: (-1) gbp4q.Rd:27: Lost braces; missing escapes or markup?
27 | fit (l_{j}, d_{j}, h_{j}) at coordinate (x_{j}, y_{j}, z_{j})
| ^
checkRd: (-1) gbp4q.Rd:27: Lost braces; missing escapes or markup?
27 | fit (l_{j}, d_{j}, h_{j}) at coordinate (x_{j}, y_{j}, z_{j})
| ^
Flavors: r-devel-linux-x86_64-debian-clang, r-devel-linux-x86_64-debian-gcc, r-devel-linux-x86_64-fedora-clang, r-devel-linux-x86_64-fedora-gcc, r-devel-macos-arm64, r-devel-macos-x86_64, r-devel-windows-x86_64, r-patched-linux-x86_64, r-release-linux-x86_64, r-release-macos-arm64, r-release-macos-x86_64, r-release-windows-x86_64
Version: 0.1.0.4
Check: compiled code
Result: NOTE
File ‘gbp/libs/gbp.so’:
Found no calls to: ‘R_registerRoutines’, ‘R_useDynamicSymbols’
It is good practice to register native routines and to disable symbol
search.
See ‘Writing portable packages’ in the ‘Writing R Extensions’ manual.
Flavors: r-devel-linux-x86_64-fedora-clang, r-devel-linux-x86_64-fedora-gcc
Version: 0.1.0.4
Check: LazyData
Result: NOTE
'LazyData' is specified without a 'data' directory
Flavors: r-patched-linux-x86_64, r-release-linux-x86_64, r-release-macos-arm64, r-release-macos-x86_64, r-release-windows-x86_64, r-oldrel-macos-arm64, r-oldrel-macos-x86_64, r-oldrel-windows-x86_64
Version: 0.1.0.4
Check: for GNU extensions in Makefiles
Result: NOTE
GNU make is a SystemRequirements.
Flavors: r-patched-linux-x86_64, r-release-linux-x86_64, r-release-macos-arm64, r-release-macos-x86_64, r-release-windows-x86_64, r-oldrel-macos-arm64, r-oldrel-macos-x86_64, r-oldrel-windows-x86_64
Version: 0.1.0.4
Check: installed package size
Result: NOTE
installed size is 16.8Mb
sub-directories of 1Mb or more:
doc 1.1Mb
libs 15.5Mb
Flavors: r-release-macos-arm64, r-release-macos-x86_64, r-oldrel-macos-arm64, r-oldrel-macos-x86_64
These binaries (installable software) and packages are in development.
They may not be fully stable and should be used with caution. We make no claims about them.
Health stats visible at Monitor.