Last updated on 2024-05-02 11:51:21 CEST.
Flavor | Version | Tinstall | Tcheck | Ttotal | Status | Flags |
---|---|---|---|---|---|---|
r-devel-linux-x86_64-debian-clang | 0.4-11 | 2.24 | 24.58 | 26.82 | NOTE | |
r-devel-linux-x86_64-debian-gcc | 0.4-11 | 1.64 | 18.84 | 20.48 | NOTE | |
r-devel-linux-x86_64-fedora-clang | 0.4-11 | 34.43 | NOTE | |||
r-devel-linux-x86_64-fedora-gcc | 0.4-11 | 32.28 | NOTE | |||
r-devel-windows-x86_64 | 0.4-11 | 3.00 | 47.00 | 50.00 | NOTE | |
r-patched-linux-x86_64 | 0.4-11 | 2.33 | 23.46 | 25.79 | NOTE | |
r-release-linux-x86_64 | 0.4-11 | 1.77 | 23.52 | 25.29 | NOTE | |
r-release-macos-arm64 | 0.4-11 | 15.00 | NOTE | |||
r-release-windows-x86_64 | 0.4-11 | 3.00 | 46.00 | 49.00 | NOTE | |
r-oldrel-macos-arm64 | 0.4-11 | 18.00 | NOTE | |||
r-oldrel-macos-x86_64 | 0.4-11 | 20.00 | NOTE | |||
r-oldrel-windows-x86_64 | 0.4-11 | 2.00 | 44.00 | 46.00 | NOTE |
Version: 0.4-11
Check: dependencies in R code
Result: NOTE
Package in Depends field not imported from: ‘tools’
These packages need to be imported from (in the NAMESPACE file)
for when this namespace is loaded but not attached.
Unexported objects imported by ':::' calls:
‘tools:::.Rd_get_argument_names’ ‘tools:::RdTags’ ‘tools:::fetchRdDB’
See the note in ?`:::` about the use of this operator.
Flavors: r-devel-linux-x86_64-debian-clang, r-devel-linux-x86_64-debian-gcc, r-devel-linux-x86_64-fedora-clang, r-devel-linux-x86_64-fedora-gcc, r-devel-windows-x86_64, r-patched-linux-x86_64, r-release-linux-x86_64, r-release-macos-arm64, r-release-windows-x86_64, r-oldrel-macos-arm64, r-oldrel-macos-x86_64, r-oldrel-windows-x86_64
These binaries (installable software) and packages are in development.
They may not be fully stable and should be used with caution. We make no claims about them.
Health stats visible at Monitor.