Last updated on 2025-05-15 07:49:39 CEST.
Flavor | Version | Tinstall | Tcheck | Ttotal | Status | Flags |
---|---|---|---|---|---|---|
r-devel-linux-x86_64-debian-clang | 1.1 | 1.74 | 16.16 | 17.90 | NOTE | |
r-devel-linux-x86_64-debian-gcc | 1.1 | 1.36 | 13.61 | 14.97 | NOTE | |
r-devel-linux-x86_64-fedora-clang | 1.1 | 27.95 | OK | |||
r-devel-linux-x86_64-fedora-gcc | 1.1 | 26.59 | OK | |||
r-devel-windows-x86_64 | 1.1 | 3.00 | 34.00 | 37.00 | OK | |
r-patched-linux-x86_64 | 1.1 | 1.71 | 15.49 | 17.20 | OK | |
r-release-linux-x86_64 | 1.1 | 1.56 | 15.66 | 17.22 | OK | |
r-release-macos-arm64 | 1.1 | OK | ||||
r-release-macos-x86_64 | 1.1 | 21.00 | OK | |||
r-release-windows-x86_64 | 1.1 | 2.00 | 36.00 | 38.00 | OK | |
r-oldrel-macos-arm64 | 1.1 | 12.00 | OK | |||
r-oldrel-macos-x86_64 | 1.1 | 22.00 | OK | |||
r-oldrel-windows-x86_64 | 1.1 | 2.00 | 33.00 | 35.00 | OK |
Version: 1.1
Check: CRAN incoming feasibility
Result: NOTE
Maintainer: ‘Henning Rust <henning.rust@met.fu-berlin.de>’
No Authors@R field in DESCRIPTION.
Please add one, modifying
Authors@R: person(given = "Henning",
family = "Rust",
role = c("aut", "cre"),
email = "henning.rust@met.fu-berlin.de")
as necessary.
The URL field contains the following bad parts:
www.geo.fu-berlin.de/met/ag/clidia/Mitarbeiter/HenningRust/
The URL field should be a list of URLs separated by commas or
whitespace.
Flavors: r-devel-linux-x86_64-debian-clang, r-devel-linux-x86_64-debian-gcc
These binaries (installable software) and packages are in development.
They may not be fully stable and should be used with caution. We make no claims about them.
Health stats visible at Monitor.