Last updated on 2025-10-30 19:53:25 CET.
| Flavor | Version | Tinstall | Tcheck | Ttotal | Status | Flags | 
|---|---|---|---|---|---|---|
| r-devel-linux-x86_64-debian-clang | 0.7.0 | 452.51 | 187.35 | 639.86 | OK | |
| r-devel-linux-x86_64-debian-gcc | 0.7.0 | 404.14 | 168.21 | 572.35 | OK | |
| r-devel-linux-x86_64-fedora-clang | 0.7.0 | 1740.00 | -691.20 | 1048.80 | OK | |
| r-devel-linux-x86_64-fedora-gcc | 0.7.0 | 1320.00 | -3.47 | 1316.53 | OK | |
| r-devel-windows-x86_64 | 0.7.0 | 508.00 | 247.00 | 755.00 | OK | |
| r-patched-linux-x86_64 | 0.7.0 | 547.74 | 226.65 | 774.39 | OK | |
| r-release-linux-x86_64 | 0.7.0 | 543.27 | 226.05 | 769.32 | OK | |
| r-release-macos-arm64 | 0.7.0 | 195.00 | 73.00 | 268.00 | OK | |
| r-release-macos-x86_64 | 0.7.0 | 164.00 | 140.00 | 304.00 | OK | |
| r-release-windows-x86_64 | 0.7.0 | 502.00 | 255.00 | 757.00 | OK | |
| r-oldrel-macos-arm64 | 0.7.0 | 96.00 | 51.00 | 147.00 | NOTE | |
| r-oldrel-macos-x86_64 | 0.7.0 | 73.00 | 83.00 | 156.00 | NOTE | |
| r-oldrel-windows-x86_64 | 0.7.0 | 581.00 | 315.00 | 896.00 | OK | 
Version: 0.7.0
Check: installed package size
Result: NOTE
    installed size is 112.1Mb
    sub-directories of 1Mb or more:
      libs  111.6Mb
Flavors: r-oldrel-macos-arm64, r-oldrel-macos-x86_64
Version: 0.7.0
Check: for GNU extensions in Makefiles
Result: NOTE
  GNU make is a SystemRequirements.
Flavors: r-oldrel-macos-arm64, r-oldrel-macos-x86_64
These binaries (installable software) and packages are in development.
They may not be fully stable and should be used with caution. We make no claims about them.
Health stats visible at Monitor.