Last updated on 2025-05-15 13:51:00 CEST.
Flavor | Version | Tinstall | Tcheck | Ttotal | Status | Flags |
---|---|---|---|---|---|---|
r-devel-linux-x86_64-debian-clang | 0.4.3 | 8.49 | 84.43 | 92.92 | NOTE | |
r-devel-linux-x86_64-debian-gcc | 0.4.3 | 5.68 | 59.04 | 64.72 | NOTE | |
r-devel-linux-x86_64-fedora-clang | 0.4.3 | 142.74 | OK | |||
r-devel-linux-x86_64-fedora-gcc | 0.4.3 | 148.65 | OK | |||
r-devel-windows-x86_64 | 0.4.3 | 11.00 | 95.00 | 106.00 | OK | |
r-patched-linux-x86_64 | 0.4.3 | 7.49 | 76.39 | 83.88 | OK | |
r-release-linux-x86_64 | 0.4.3 | 7.83 | 77.39 | 85.22 | OK | |
r-release-macos-arm64 | 0.4.3 | 68.00 | OK | |||
r-release-macos-x86_64 | 0.4.3 | 117.00 | OK | |||
r-release-windows-x86_64 | 0.4.3 | 10.00 | 95.00 | 105.00 | OK | |
r-oldrel-macos-arm64 | 0.4.3 | 56.00 | OK | |||
r-oldrel-macos-x86_64 | 0.4.3 | 96.00 | OK | |||
r-oldrel-windows-x86_64 | 0.4.3 | 12.00 | 117.00 | 129.00 | OK |
Version: 0.4.3
Check: DESCRIPTION meta-information
Result: NOTE
Author field differs from that derived from Authors@R
Author: ‘Danny Tholen [aut, cre] (<https://orcid.org/0000-0002-9517-0939>, University of Natural Resources and Life Sciences, Vienna)’
Authors@R: ‘Danny Tholen [aut, cre] (ORCID: <https://orcid.org/0000-0002-9517-0939>, affiliation: University of Natural Resources and Life Sciences, Vienna)’
Flavors: r-devel-linux-x86_64-debian-clang, r-devel-linux-x86_64-debian-gcc
These binaries (installable software) and packages are in development.
They may not be fully stable and should be used with caution. We make no claims about them.
Health stats visible at Monitor.