Last updated on 2025-05-15 13:51:00 CEST.
Flavor | Version | Tinstall | Tcheck | Ttotal | Status | Flags |
---|---|---|---|---|---|---|
r-devel-linux-x86_64-debian-clang | 1.1.7 | 53.33 | 61.19 | 114.52 | NOTE | |
r-devel-linux-x86_64-debian-gcc | 1.1.7 | 43.30 | 45.51 | 88.81 | NOTE | |
r-devel-linux-x86_64-fedora-clang | 1.1.7 | 176.58 | OK | |||
r-devel-linux-x86_64-fedora-gcc | 1.1.7 | 215.42 | OK | |||
r-devel-windows-x86_64 | 1.1.7 | 63.00 | 98.00 | 161.00 | OK | |
r-patched-linux-x86_64 | 1.1.7 | 57.69 | 59.74 | 117.43 | OK | |
r-release-linux-x86_64 | 1.1.7 | 59.53 | 58.40 | 117.93 | OK | |
r-release-macos-arm64 | 1.1.7 | 66.00 | OK | |||
r-release-macos-x86_64 | 1.1.7 | 126.00 | OK | |||
r-release-windows-x86_64 | 1.1.7 | 64.00 | 98.00 | 162.00 | OK | |
r-oldrel-macos-arm64 | 1.1.7 | 53.00 | NOTE | |||
r-oldrel-macos-x86_64 | 1.1.7 | 152.00 | OK | |||
r-oldrel-windows-x86_64 | 1.1.7 | 72.00 | 118.00 | 190.00 | OK |
Version: 1.1.7
Check: CRAN incoming feasibility
Result: NOTE
Maintainer: ‘Werner Mueller <werner.mueller5@chello.at>’
No Authors@R field in DESCRIPTION.
Please add one, modifying
Authors@R: person(given = "Werner",
family = "Mueller",
role = c("aut", "cre"),
email = "werner.mueller5@chello.at")
as necessary.
Flavors: r-devel-linux-x86_64-debian-clang, r-devel-linux-x86_64-debian-gcc
Version: 1.1.7
Check: installed package size
Result: NOTE
installed size is 5.1Mb
sub-directories of 1Mb or more:
libs 4.5Mb
Flavor: r-oldrel-macos-arm64
These binaries (installable software) and packages are in development.
They may not be fully stable and should be used with caution. We make no claims about them.
Health stats visible at Monitor.