Last updated on 2025-02-02 07:50:11 CET.
Flavor | Version | Tinstall | Tcheck | Ttotal | Status | Flags |
---|---|---|---|---|---|---|
r-devel-linux-x86_64-debian-clang | 1.0-1 | 10.65 | 83.00 | 93.65 | NOTE | |
r-devel-linux-x86_64-debian-gcc | 1.0-1 | 6.91 | 60.33 | 67.24 | NOTE | |
r-devel-linux-x86_64-fedora-clang | 1.0-1 | 154.33 | NOTE | |||
r-devel-linux-x86_64-fedora-gcc | 1.0-1 | 140.00 | NOTE | |||
r-devel-windows-x86_64 | 1.0-1 | 11.00 | 93.00 | 104.00 | NOTE | --no-vignettes |
r-patched-linux-x86_64 | 1.0-1 | 13.07 | 78.59 | 91.66 | NOTE | |
r-release-linux-x86_64 | 1.0-1 | 10.00 | 77.95 | 87.95 | NOTE | |
r-release-macos-arm64 | 1.0-1 | 42.00 | NOTE | |||
r-release-macos-x86_64 | 1.0-1 | 61.00 | NOTE | |||
r-release-windows-x86_64 | 1.0-1 | 11.00 | 111.00 | 122.00 | NOTE | --no-vignettes |
r-oldrel-macos-arm64 | 1.0-1 | 45.00 | OK | |||
r-oldrel-macos-x86_64 | 1.0-1 | 77.00 | OK | |||
r-oldrel-windows-x86_64 | 1.0-1 | 13.00 | 117.00 | 130.00 | OK | --no-vignettes |
Version: 1.0-1
Check: Rd files
Result: NOTE
checkRd: (-1) term.plotZadj.Rd:6: Lost braces
6 | \ This is a wrapper to function \code{\link[gamlss]{term.plot}}. code{term.plotZadj} produces term plots for a specified parameter from a
| ^
Flavors: r-devel-linux-x86_64-debian-clang, r-devel-linux-x86_64-debian-gcc, r-devel-linux-x86_64-fedora-clang, r-devel-linux-x86_64-fedora-gcc, r-patched-linux-x86_64, r-release-linux-x86_64, r-release-macos-arm64, r-release-macos-x86_64
Version: 1.0-1
Check: Rd cross-references
Result: NOTE
Found the following Rd file(s) with Rd \link{} targets missing package
anchors:
centiles.Inf0to1.Rd: gamlss, centiles.split, centiles.com
gamlssInf0to1.Rd: gamlss, gen.Family, gamlss.family, BEINF, BE, BEo,
BEZI, BEOI
gamlssZadj.Rd: gamlss, gen.Family, gamlss.family, ZAGA, ZAIG
Please provide package anchors for all Rd \link{} targets not in the
package itself and the base packages.
Flavors: r-devel-linux-x86_64-debian-clang, r-devel-linux-x86_64-debian-gcc
Version: 1.0-1
Flags: --no-vignettes
Check: Rd files
Result: NOTE
checkRd: (-1) term.plotZadj.Rd:6: Lost braces
6 | \ This is a wrapper to function \code{\link[gamlss]{term.plot}}. code{term.plotZadj} produces term plots for a specified parameter from a
| ^
Flavors: r-devel-windows-x86_64, r-release-windows-x86_64
Version: 1.0-1
Flags: --no-vignettes
Check: Rd cross-references
Result: NOTE
Found the following Rd file(s) with Rd \link{} targets missing package
anchors:
centiles.Inf0to1.Rd: gamlss, centiles.split, centiles.com
gamlssInf0to1.Rd: gamlss, gen.Family, gamlss.family, BEINF, BE, BEo,
BEZI, BEOI
gamlssZadj.Rd: gamlss, gen.Family, gamlss.family, ZAGA, ZAIG
Please provide package anchors for all Rd \link{} targets not in the
package itself and the base packages.
Flavor: r-devel-windows-x86_64
These binaries (installable software) and packages are in development.
They may not be fully stable and should be used with caution. We make no claims about them.
Health stats visible at Monitor.