Last updated on 2025-02-02 05:48:24 CET.
Flavor | Version | Tinstall | Tcheck | Ttotal | Status | Flags |
---|---|---|---|---|---|---|
r-devel-linux-x86_64-debian-clang | 1.1-6 | 8.53 | 72.32 | 80.85 | NOTE | |
r-devel-linux-x86_64-debian-gcc | 1.1-6 | 6.22 | 55.06 | 61.28 | NOTE | |
r-devel-linux-x86_64-fedora-clang | 1.1-6 | 131.20 | NOTE | |||
r-devel-linux-x86_64-fedora-gcc | 1.1-6 | 120.98 | NOTE | |||
r-devel-windows-x86_64 | 1.1-6 | 11.00 | 97.00 | 108.00 | NOTE | |
r-patched-linux-x86_64 | 1.1-6 | 8.79 | 68.39 | 77.18 | NOTE | |
r-release-linux-x86_64 | 1.1-6 | 7.53 | 68.32 | 75.85 | NOTE | |
r-release-macos-arm64 | 1.1-6 | 38.00 | NOTE | |||
r-release-macos-x86_64 | 1.1-6 | 55.00 | NOTE | |||
r-release-windows-x86_64 | 1.1-6 | 10.00 | 87.00 | 97.00 | NOTE | |
r-oldrel-macos-arm64 | 1.1-6 | 39.00 | OK | |||
r-oldrel-macos-x86_64 | 1.1-6 | 64.00 | OK | |||
r-oldrel-windows-x86_64 | 1.1-6 | 12.00 | 108.00 | 120.00 | OK |
Version: 1.1-6
Check: Rd files
Result: NOTE
checkRd: (-1) pc.Rd:17: Lost braces
17 | The functions \code{gamlss.pcr()} and \code{gamlss.pc()} are supporting functions. The are not intended to be called directly by users. The function \code{gamlss.pc()} is using the linear model function \code{lm()} to fit the first principal components while the function code{gamlss.pcr()} uses \code{fitPCR()}.
| ^
Flavors: r-devel-linux-x86_64-debian-clang, r-devel-linux-x86_64-debian-gcc, r-devel-linux-x86_64-fedora-clang, r-devel-linux-x86_64-fedora-gcc, r-devel-windows-x86_64, r-patched-linux-x86_64, r-release-linux-x86_64, r-release-macos-arm64, r-release-macos-x86_64, r-release-windows-x86_64
These binaries (installable software) and packages are in development.
They may not be fully stable and should be used with caution. We make no claims about them.
Health stats visible at Monitor.