Last updated on 2025-02-23 19:51:05 CET.
Flavor | Version | Tinstall | Tcheck | Ttotal | Status | Flags |
---|---|---|---|---|---|---|
r-devel-linux-x86_64-debian-clang | 6.1-1 | 50.67 | 203.78 | 254.45 | NOTE | |
r-devel-linux-x86_64-debian-gcc | 6.1-1 | 31.84 | 119.71 | 151.55 | NOTE | |
r-devel-linux-x86_64-fedora-clang | 6.1-1 | 419.64 | NOTE | |||
r-devel-linux-x86_64-fedora-gcc | 6.1-1 | 390.79 | NOTE | |||
r-devel-macos-arm64 | 6.1-1 | 76.00 | NOTE | |||
r-devel-macos-x86_64 | 6.1-1 | 239.00 | NOTE | |||
r-devel-windows-x86_64 | 6.1-1 | 49.00 | 186.00 | 235.00 | NOTE | |
r-patched-linux-x86_64 | 6.1-1 | 47.99 | 188.18 | 236.17 | NOTE | |
r-release-linux-x86_64 | 6.1-1 | 41.94 | 188.61 | 230.55 | NOTE | |
r-release-macos-arm64 | 6.1-1 | 85.00 | NOTE | |||
r-release-macos-x86_64 | 6.1-1 | 145.00 | NOTE | |||
r-release-windows-x86_64 | 6.1-1 | 51.00 | 180.00 | 231.00 | NOTE | |
r-oldrel-macos-arm64 | 6.1-1 | 79.00 | OK | |||
r-oldrel-macos-x86_64 | 6.1-1 | 298.00 | OK | |||
r-oldrel-windows-x86_64 | 6.1-1 | 58.00 | 234.00 | 292.00 | OK |
Version: 6.1-1
Check: Rd files
Result: NOTE
checkRd: (-1) GEOM.Rd:56: Lost braces
56 | for eqn{y=0,1,2,3,...} and \eqn{\mu>0}, see pp 473-474 of Rigby et al. (2019).
| ^
checkRd: (-1) GU.rd:61: Lost braces
61 | \emph{Journal of Statistical Software}, Vol. \bold{23}, Issue 7, Dec 2007, \\doi{10.18637/jss.v023.i07}.
| ^
checkRd: (-1) IG.Rd:55: Lost braces
55 | \emph{Journal of Statistical Software}, Vol. \bold{23}, Issue 7, Dec 2007, \\doi{10.18637/jss.v023.i07}.
| ^
checkRd: (-1) LOGITNO.Rd:55: Lost braces
55 | \emph{Journal of Statistical Software}, Vol. \bold{23}, Issue 7, Dec 2007, \\doi{10.18637/jss.v023.i07}.
| ^
checkRd: (-1) Multinomial.Rd:69: Lost braces
69 | The function \code{MULTIN()} can be used instead of code{MN3()}, \code{MN4()} and \code{MN5()} by specifying the number of levels of the response. Note that \code{MULTIN(2)} will produce a binomial fit.
| ^
checkRd: (-1) PARETO2.Rd:38: Lost braces
38 | The parameters are \code{mu} and \code{sigma} in both functions but the parameterasation different. The \code{mu} is identical for both \code{PARETO2()} and \code{PARETO2o()}. The \code{sigma} in \code{PARETO2o()} is the inverse of the \code{sigma} in code{PARETO2()} and coresponse to the usual parameter \code{alpha} of the Patreto distribution. The functions \code{dPARETO2}, \code{pPARETO2}, \code{qPARETO2} and \code{rPARETO2} define the density, distribution function, quantile function and random generation for the \code{PARETO2} parameterization of the Pareto type 2 distribution while the functions \code{dPARETO2o}, \code{pPARETO2o}, \code{qPARETO2o} and \code{rPARETO2o} define the density, distribution function, quantile function and random generation for the original \code{PARETO2o} parameterization of the Pareto type 2 distribution
| ^
checkRd: (-1) PIG.Rd:31: Lost braces
31 | generation for the Poisson-inverse Gaussian \code{PIG()}, distribution. Also code{dPIG2}, \code{pPIG2}, \code{qPIG2} and \code{rPIG2} are the equivalent functions for code{PIG2()}
| ^
checkRd: (-1) PIG.Rd:31: Lost braces
31 | generation for the Poisson-inverse Gaussian \code{PIG()}, distribution. Also code{dPIG2}, \code{pPIG2}, \code{qPIG2} and \code{rPIG2} are the equivalent functions for code{PIG2()}
| ^
checkRd: (-1) SI.Rd:70: Lost braces
70 | \emph{Journal of Statistical Software}, Vol. \bold{23}, Issue 7, Dec 2007, \\doi{10.18637/jss.v023.i07}.
| ^
Flavors: r-devel-linux-x86_64-debian-clang, r-devel-linux-x86_64-debian-gcc, r-devel-linux-x86_64-fedora-clang, r-devel-linux-x86_64-fedora-gcc, r-devel-macos-arm64, r-devel-macos-x86_64, r-devel-windows-x86_64, r-patched-linux-x86_64, r-release-linux-x86_64, r-release-macos-arm64, r-release-macos-x86_64, r-release-windows-x86_64
These binaries (installable software) and packages are in development.
They may not be fully stable and should be used with caution. We make no claims about them.
Health stats visible at Monitor.