Last updated on 2025-02-23 15:49:43 CET.
Flavor | Version | Tinstall | Tcheck | Ttotal | Status | Flags |
---|---|---|---|---|---|---|
r-devel-linux-x86_64-debian-clang | 1.13-8 | 8.60 | 61.78 | 70.38 | NOTE | |
r-devel-linux-x86_64-debian-gcc | 1.13-8 | 5.69 | 45.33 | 51.02 | NOTE | |
r-devel-linux-x86_64-fedora-clang | 1.13-8 | 106.94 | NOTE | |||
r-devel-linux-x86_64-fedora-gcc | 1.13-8 | 102.80 | NOTE | |||
r-devel-macos-arm64 | 1.13-8 | 36.00 | NOTE | |||
r-devel-macos-x86_64 | 1.13-8 | 84.00 | NOTE | |||
r-devel-windows-x86_64 | 1.13-8 | 12.00 | 74.00 | 86.00 | NOTE | |
r-patched-linux-x86_64 | 1.13-8 | 8.55 | 59.59 | 68.14 | NOTE | |
r-release-linux-x86_64 | 1.13-8 | 7.37 | 57.64 | 65.01 | NOTE | |
r-release-macos-arm64 | 1.13-8 | 35.00 | NOTE | |||
r-release-macos-x86_64 | 1.13-8 | 58.00 | NOTE | |||
r-release-windows-x86_64 | 1.13-8 | 12.00 | 75.00 | 87.00 | NOTE | |
r-oldrel-macos-arm64 | 1.13-8 | 37.00 | OK | |||
r-oldrel-macos-x86_64 | 1.13-8 | 78.00 | OK | |||
r-oldrel-windows-x86_64 | 1.13-8 | 14.00 | 86.00 | 100.00 | OK |
Version: 1.13-8
Check: Rd files
Result: NOTE
checkRd: (-1) naref.Rd:13: Lost braces
13 | \details{ For every \code{factor} or \code{character} column in \code{x}, \code{naref} sets \code{NA} as the reference level for a \code{factor} variable. Columns coded as \code{character} class are first converted to factors via \R{factor(x)}. If \code{impute=TRUE} then the numeric columns are converted to two columns, one appended \code{.x} that contains imputed values and another appended \code{.miss} which is a binary variable indicating whether the original value was missing. Numeric columns are returned without change if \code{impute=FALSE} or if they do not contain any missing values.
| ^
Flavors: r-devel-linux-x86_64-debian-clang, r-devel-linux-x86_64-debian-gcc, r-devel-linux-x86_64-fedora-clang, r-devel-linux-x86_64-fedora-gcc, r-devel-macos-arm64, r-devel-macos-x86_64, r-devel-windows-x86_64, r-patched-linux-x86_64, r-release-linux-x86_64, r-release-macos-arm64, r-release-macos-x86_64, r-release-windows-x86_64
These binaries (installable software) and packages are in development.
They may not be fully stable and should be used with caution. We make no claims about them.
Health stats visible at Monitor.