Last updated on 2025-02-02 07:50:11 CET.
Flavor | Version | Tinstall | Tcheck | Ttotal | Status | Flags |
---|---|---|---|---|---|---|
r-devel-linux-x86_64-debian-clang | 0.0-7 | 17.77 | 100.12 | 117.89 | NOTE | |
r-devel-linux-x86_64-debian-gcc | 0.0-7 | 10.77 | 71.70 | 82.47 | NOTE | |
r-devel-linux-x86_64-fedora-clang | 0.0-7 | 188.51 | OK | |||
r-devel-linux-x86_64-fedora-gcc | 0.0-7 | 172.58 | OK | |||
r-devel-windows-x86_64 | 0.0-7 | 17.00 | 107.00 | 124.00 | NOTE | |
r-patched-linux-x86_64 | 0.0-7 | 16.89 | 94.14 | 111.03 | OK | |
r-release-linux-x86_64 | 0.0-7 | 14.73 | 93.88 | 108.61 | OK | |
r-release-macos-arm64 | 0.0-7 | 53.00 | OK | |||
r-release-macos-x86_64 | 0.0-7 | 82.00 | OK | |||
r-release-windows-x86_64 | 0.0-7 | 17.00 | 107.00 | 124.00 | OK | |
r-oldrel-macos-arm64 | 0.0-7 | 52.00 | OK | |||
r-oldrel-macos-x86_64 | 0.0-7 | 88.00 | OK | |||
r-oldrel-windows-x86_64 | 0.0-7 | 21.00 | 133.00 | 154.00 | OK |
Version: 0.0-7
Check: Rd cross-references
Result: NOTE
Found the following Rd file(s) with Rd \link{} targets missing package
anchors:
BiCopEta2Par.Rd: BiCopPar2Tau, BiCopTau2Par
BiCopPar2Eta.Rd: BiCopPar2Tau, BiCopTau2Par
EDF.gamBiCop-methods.Rd: gamObject
RVM2GVC.Rd: RVineMatrix
formula.gamBiCop-methods.Rd: gam, formula.gam
gamBiCop-class.Rd: gamObject, gam
gamBiCop.Rd: gamObject, gam
gamBiCopCDF.Rd: predict.gam
gamBiCopFit.Rd: gam, formula.gam, gam.models
gamBiCopPDF.Rd: predict.gam
gamBiCopPredict.Rd: predict.gam
gamBiCopSelect.Rd: BiCopSelect, gam
gamBiCopSimulate.Rd: predict.gam
gamCopula-package.Rd: VineCopula
gamVine-class.Rd: RVineMatrix
gamVine.Rd: RVineMatrix
gamVineCopSelect.Rd: BiCopSelect, gam
gamVinePDF.Rd: predict.gam
gamVineSeqFit.Rd: gam
gamVineStructureSelect.Rd: BiCopSelect
plot.gamBiCop-methods.Rd: plot.gam
plot.gamVine-methods.Rd: plot.gam
summary.gamBiCop-methods.Rd: summary.gam
summary.gamVine-methods.Rd: summary.gam
Please provide package anchors for all Rd \link{} targets not in the
package itself and the base packages.
Flavors: r-devel-linux-x86_64-debian-clang, r-devel-linux-x86_64-debian-gcc, r-devel-windows-x86_64
These binaries (installable software) and packages are in development.
They may not be fully stable and should be used with caution. We make no claims about them.
Health stats visible at Monitor.