Last updated on 2025-02-23 15:49:43 CET.
Flavor | Version | Tinstall | Tcheck | Ttotal | Status | Flags |
---|---|---|---|---|---|---|
r-devel-linux-x86_64-debian-gcc | 0.0.2 | 6.07 | 147.49 | 153.56 | OK | |
r-devel-linux-x86_64-fedora-clang | 0.0.2 | 213.59 | OK | |||
r-devel-linux-x86_64-fedora-gcc | 0.0.2 | 184.19 | OK | |||
r-devel-macos-x86_64 | 0.0.2 | 173.00 | ERROR | |||
r-release-linux-x86_64 | 0.0.2 | 8.89 | 188.16 | 197.05 | OK | |
r-release-macos-x86_64 | 0.0.2 | 177.00 | ERROR | |||
r-oldrel-macos-x86_64 | 0.0.2 | 165.00 | ERROR |
Version: 0.0.2
Check: re-building of vignette outputs
Result: ERROR
Error(s) in re-building vignettes:
--- re-building ‘gaawr2.Rmd’ using rmarkdown
Failed with error: 'there is no package called 'EnsDb.Hsapiens.v75''
running: bash -c "export message=\"Hello, world!\"
echo \"print('\$message')\" > hello.R
R CMD BATCH hello.R
R --no-save -q < hello.R
R --no-save -q <<END
message <- Sys.getenv(\"message\"); print(message)
source(\"hello.R\")
END
echo \${message} | \\
Rscript -e '
message <- scan(\"stdin\", what=\"\", sep=\"\\n\", quiet=TRUE);
write.table(message, col.names=FALSE, row.names=FALSE,
quote=FALSE)
' | \\
cat
rm hello.*"
Quitting from lines 408-413 [ensdb] (gaawr2.Rmd)
Error: processing vignette 'gaawr2.Rmd' failed with diagnostics:
error in evaluating the argument 'x' in selecting a method for function 'metadata': object 'EnsDb.Hsapiens.v75' not found
--- failed re-building ‘gaawr2.Rmd’
--- re-building ‘web.Rmd’ using rmarkdown
[WARNING] Citeproc: citation tsv not found
--- finished re-building ‘web.Rmd’
SUMMARY: processing the following file failed:
‘gaawr2.Rmd’
Error: Vignette re-building failed.
Execution halted
Flavors: r-devel-macos-x86_64, r-release-macos-x86_64, r-oldrel-macos-x86_64
Version: 0.0.2
Check: package dependencies
Result: NOTE
Package suggested but not available for checking: ‘EnsDb.Hsapiens.v75’
Flavors: r-release-macos-x86_64, r-oldrel-macos-x86_64
These binaries (installable software) and packages are in development.
They may not be fully stable and should be used with caution. We make no claims about them.
Health stats visible at Monitor.