Last updated on 2024-05-02 08:01:44 CEST.
Flavor | Version | Tinstall | Tcheck | Ttotal | Status | Flags |
---|---|---|---|---|---|---|
r-devel-linux-x86_64-debian-clang | 1.0-9 | 11.88 | 66.66 | 78.54 | NOTE | |
r-devel-linux-x86_64-debian-gcc | 1.0-9 | 8.88 | 47.63 | 56.51 | NOTE | |
r-devel-linux-x86_64-fedora-clang | 1.0-9 | 100.59 | NOTE | |||
r-devel-linux-x86_64-fedora-gcc | 1.0-9 | 89.11 | NOTE | |||
r-devel-windows-x86_64 | 1.0-9 | 12.00 | 79.00 | 91.00 | NOTE | |
r-patched-linux-x86_64 | 1.0-9 | 11.35 | 61.83 | 73.18 | NOTE | |
r-release-linux-x86_64 | 1.0-9 | 10.10 | 62.57 | 72.67 | NOTE | |
r-release-macos-arm64 | 1.0-9 | 27.00 | NOTE | |||
r-release-windows-x86_64 | 1.0-9 | 12.00 | 80.00 | 92.00 | NOTE | |
r-oldrel-macos-arm64 | 1.0-9 | 31.00 | OK | |||
r-oldrel-macos-x86_64 | 1.0-9 | 44.00 | OK | |||
r-oldrel-windows-x86_64 | 1.0-9 | 13.00 | 81.00 | 94.00 | OK |
Version: 1.0-9
Check: Rd files
Result: NOTE
checkRd: (-1) add.Rd:37: Lost braces; missing escapes or markup?
37 | Cartesian pair in {-1,0,1} x {-1, 0, 1}.}
| ^
checkRd: (-1) add.Rd:37: Lost braces; missing escapes or markup?
37 | Cartesian pair in {-1,0,1} x {-1, 0, 1}.}
| ^
checkRd: (-1) gWidgets2-package.Rd:166: Lost braces
166 | \code{\link{tooltip}}, \code{\link{tooltip<-}}{A tooltip provides contextual information when a mouse hovers over an object}
| ^
checkRd: (-1) gfile.Rd:72: Lost braces in \itemize; meant \describe ?
checkRd: (-1) gfile.Rd:73-80: Lost braces in \itemize; meant \describe ?
checkRd: (-1) gmenu.Rd:68: Lost braces; missing escapes or markup?
68 | Cartesian pair in {-1,0,1} x {-1, 0, 1}.}
| ^
checkRd: (-1) gmenu.Rd:68: Lost braces; missing escapes or markup?
68 | Cartesian pair in {-1,0,1} x {-1, 0, 1}.}
| ^
checkRd: (-1) gnotebook.Rd:61: Lost braces; missing escapes or markup?
61 | Cartesian pair in {-1,0,1} x {-1, 0, 1}.}
| ^
checkRd: (-1) gnotebook.Rd:61: Lost braces; missing escapes or markup?
61 | Cartesian pair in {-1,0,1} x {-1, 0, 1}.}
| ^
checkRd: (-1) gtoolbar.Rd:62: Lost braces; missing escapes or markup?
62 | Cartesian pair in {-1,0,1} x {-1, 0, 1}.}
| ^
checkRd: (-1) gtoolbar.Rd:62: Lost braces; missing escapes or markup?
62 | Cartesian pair in {-1,0,1} x {-1, 0, 1}.}
| ^
checkRd: (-1) gwindow.Rd:44: Lost braces
44 | \item{visible}{logical. If code{TRUE} window is drawn when
| ^
checkRd: (-1) gwindow.Rd:92: Lost braces; missing escapes or markup?
92 | Cartesian pair in {-1,0,1} x {-1, 0, 1}.}
| ^
checkRd: (-1) gwindow.Rd:92: Lost braces; missing escapes or markup?
92 | Cartesian pair in {-1,0,1} x {-1, 0, 1}.}
| ^
Flavors: r-devel-linux-x86_64-debian-clang, r-devel-linux-x86_64-debian-gcc, r-devel-linux-x86_64-fedora-clang, r-devel-linux-x86_64-fedora-gcc, r-devel-windows-x86_64, r-patched-linux-x86_64, r-release-linux-x86_64, r-release-macos-arm64, r-release-windows-x86_64
Version: 1.0-9
Check: HTML version of manual
Result: NOTE
Found the following HTML validation problems:
gedit.html:139:6 (gedit.Rd:72): Warning: trimming empty <p>
gedit.html:139:1 (gedit.Rd:72): Warning: trimming empty <li>
Flavors: r-devel-linux-x86_64-debian-clang, r-devel-linux-x86_64-debian-gcc, r-devel-linux-x86_64-fedora-clang, r-devel-linux-x86_64-fedora-gcc, r-devel-windows-x86_64, r-patched-linux-x86_64, r-release-linux-x86_64, r-release-windows-x86_64
These binaries (installable software) and packages are in development.
They may not be fully stable and should be used with caution. We make no claims about them.
Health stats visible at Monitor.