Last updated on 2024-05-02 09:51:40 CEST.
Flavor | Version | Tinstall | Tcheck | Ttotal | Status | Flags |
---|---|---|---|---|---|---|
r-devel-linux-x86_64-debian-clang | 0.3.0 | 77.82 | 137.85 | 215.67 | NOTE | |
r-devel-linux-x86_64-debian-gcc | 0.3.0 | 55.60 | 100.10 | 155.70 | NOTE | |
r-devel-linux-x86_64-fedora-clang | 0.3.0 | 289.38 | NOTE | |||
r-devel-linux-x86_64-fedora-gcc | 0.3.0 | 269.36 | NOTE | |||
r-devel-windows-x86_64 | 0.3.0 | 59.00 | 129.00 | 188.00 | NOTE | |
r-patched-linux-x86_64 | 0.3.0 | 61.29 | 131.23 | 192.52 | NOTE | |
r-release-linux-x86_64 | 0.3.0 | 55.31 | 131.93 | 187.24 | NOTE | |
r-release-macos-arm64 | 0.3.0 | 66.00 | NOTE | |||
r-release-windows-x86_64 | 0.3.0 | 62.00 | 129.00 | 191.00 | NOTE | |
r-oldrel-macos-arm64 | 0.3.0 | 68.00 | OK | |||
r-oldrel-macos-x86_64 | 0.3.0 | 132.00 | OK | |||
r-oldrel-windows-x86_64 | 0.3.0 | 76.00 | 161.00 | 237.00 | OK |
Version: 0.3.0
Check: Rd files
Result: NOTE
checkRd: (-1) testadd.Rd:34: Lost braces; missing escapes or markup?
34 | Let M0 be the model and e={u,v} be an edge and let M1 be
| ^
Flavors: r-devel-linux-x86_64-debian-clang, r-devel-linux-x86_64-debian-gcc, r-devel-linux-x86_64-fedora-clang, r-devel-linux-x86_64-fedora-gcc, r-devel-windows-x86_64, r-patched-linux-x86_64, r-release-linux-x86_64, r-release-macos-arm64, r-release-windows-x86_64
These binaries (installable software) and packages are in development.
They may not be fully stable and should be used with caution. We make no claims about them.
Health stats visible at Monitor.