Last updated on 2025-05-15 09:52:15 CEST.
Flavor | Version | Tinstall | Tcheck | Ttotal | Status | Flags |
---|---|---|---|---|---|---|
r-devel-linux-x86_64-debian-clang | 2.4.1 | 1.66 | 21.94 | 23.60 | NOTE | |
r-devel-linux-x86_64-debian-gcc | 2.4.1 | 1.28 | 17.42 | 18.70 | NOTE | |
r-devel-linux-x86_64-fedora-clang | 2.4.1 | 35.48 | OK | |||
r-devel-linux-x86_64-fedora-gcc | 2.4.1 | 48.09 | OK | |||
r-devel-windows-x86_64 | 2.4.1 | 2.00 | 48.00 | 50.00 | OK | |
r-patched-linux-x86_64 | 2.4.1 | 1.50 | 21.20 | 22.70 | NOTE | |
r-release-linux-x86_64 | 2.4.1 | 1.41 | 20.77 | 22.18 | NOTE | |
r-release-macos-arm64 | 2.4.1 | 26.00 | OK | |||
r-release-macos-x86_64 | 2.4.1 | 48.00 | OK | |||
r-release-windows-x86_64 | 2.4.1 | 3.00 | 52.00 | 55.00 | OK | |
r-oldrel-macos-arm64 | 2.4.1 | 23.00 | OK | |||
r-oldrel-macos-x86_64 | 2.4.1 | 32.00 | OK | |||
r-oldrel-windows-x86_64 | 2.4.1 | 2.00 | 48.00 | 50.00 | OK |
Version: 2.4.1
Check: CRAN incoming feasibility
Result: NOTE
Maintainer: ‘David Brahm <brahm@alum.mit.edu>’
No Authors@R field in DESCRIPTION.
Please add one, modifying
Authors@R: person(given = "David",
family = "Brahm",
role = c("aut", "cre"),
email = "brahm@alum.mit.edu")
as necessary.
Flavors: r-devel-linux-x86_64-debian-clang, r-devel-linux-x86_64-debian-gcc
Version: 2.4.1
Check: R code for possible problems
Result: NOTE
Found the following calls to attach():
File ‘g.data/R/g.data.attach.R’:
attach(NULL, pos, basename(dir))
See section ‘Good practice’ in ‘?attach’.
Flavors: r-devel-linux-x86_64-debian-clang, r-devel-linux-x86_64-debian-gcc, r-patched-linux-x86_64, r-release-linux-x86_64
These binaries (installable software) and packages are in development.
They may not be fully stable and should be used with caution. We make no claims about them.
Health stats visible at Monitor.