Last updated on 2025-05-17 15:50:43 CEST.
Flavor | Version | Tinstall | Tcheck | Ttotal | Status | Flags |
---|---|---|---|---|---|---|
r-devel-linux-x86_64-debian-clang | 1.0-4 | 3.26 | 39.52 | 42.78 | NOTE | --no-vignettes |
r-devel-linux-x86_64-debian-gcc | 1.0-4 | 2.24 | 27.18 | 29.42 | NOTE | --no-vignettes |
r-devel-linux-x86_64-fedora-clang | 1.0-4 | 846.21 | OK | |||
r-devel-linux-x86_64-fedora-gcc | 1.0-4 | 821.68 | OK | |||
r-devel-windows-x86_64 | 1.0-4 | 6.00 | 56.00 | 62.00 | OK | --no-vignettes |
r-patched-linux-x86_64 | 1.0-4 | 3.98 | 36.12 | 40.10 | OK | --no-vignettes |
r-release-linux-x86_64 | 1.0-4 | 2.64 | 35.93 | 38.57 | OK | --no-vignettes |
r-release-macos-arm64 | 1.0-4 | 196.00 | OK | |||
r-release-macos-x86_64 | 1.0-4 | 404.00 | OK | |||
r-release-windows-x86_64 | 1.0-4 | 6.00 | 59.00 | 65.00 | OK | --no-vignettes |
r-oldrel-macos-arm64 | 1.0-4 | 198.00 | OK | |||
r-oldrel-macos-x86_64 | 1.0-4 | 299.00 | OK | |||
r-oldrel-windows-x86_64 | 1.0-4 | 8.00 | 65.00 | 73.00 | OK | --no-vignettes |
Version: 1.0-4
Flags: --no-vignettes
Check: CRAN incoming feasibility
Result: NOTE
Maintainer: ‘Achim Zeileis <Achim.Zeileis@R-project.org>’
Package CITATION file contains call(s) to old-style personList() or
as.personList(). Please use c() on person objects instead.
Package CITATION file contains call(s) to old-style citEntry(). Please
use bibentry() instead.
Found the following URLs which should use \doi (with the DOI name only):
File ‘confint.fxregimes.Rd’:
http://dx.doi.org/10.1016/j.csda.2009.12.005
File ‘fxlm.Rd’:
http://dx.doi.org/10.1016/j.csda.2009.12.005
File ‘fxmonitor.Rd’:
http://dx.doi.org/10.1016/j.csda.2009.12.005
File ‘fxregimes.Rd’:
http://dx.doi.org/10.1016/j.csda.2009.12.005
File ‘fxreturns.Rd’:
http://dx.doi.org/10.1016/j.csda.2009.12.005
File ‘fxtools.Rd’:
http://dx.doi.org/10.1016/j.csda.2009.12.005
Flavors: r-devel-linux-x86_64-debian-clang, r-devel-linux-x86_64-debian-gcc
These binaries (installable software) and packages are in development.
They may not be fully stable and should be used with caution. We make no claims about them.
Health stats visible at Monitor.