CRAN Package Check Results for Package fwb

Last updated on 2025-10-09 20:04:07 CEST.

Flavor Version Tinstall Tcheck Ttotal Status Flags
r-devel-linux-x86_64-debian-clang 0.5.1 3.72 95.29 99.01 OK
r-devel-linux-x86_64-debian-gcc 0.5.1 2.59 69.94 72.53 OK
r-devel-linux-x86_64-fedora-clang 0.5.1 159.27 OK
r-devel-linux-x86_64-fedora-gcc 0.5.1 167.54 OK
r-devel-windows-x86_64 0.5.1 5.00 127.00 132.00 OK
r-patched-linux-x86_64 0.5.1 4.10 92.29 96.39 OK
r-release-linux-x86_64 0.5.1 3.81 92.18 95.99 OK
r-release-macos-arm64 0.5.1 83.00 OK
r-release-macos-x86_64 0.5.1 119.00 OK
r-release-windows-x86_64 0.5.1 6.00 128.00 134.00 OK
r-oldrel-macos-arm64 0.5.1 97.00 WARN
r-oldrel-macos-x86_64 0.5.1 109.00 WARN
r-oldrel-windows-x86_64 0.5.1 7.00 159.00 166.00 WARN

Check Details

Version: 0.5.1
Check: whether package can be installed
Result: WARN Found the following significant warnings: Note: possible error in 'findInterval(null, ti, ': unused arguments (checkSorted = FALSE, checkNA = FALSE) See ‘/Volumes/Builds/packages/big-sur-arm64/results/4.4/fwb.Rcheck/00install.out’ for details. Information on the location(s) of code generating the ‘Note’s can be obtained by re-running with environment variable R_KEEP_PKG_SOURCE set to ‘yes’. Flavor: r-oldrel-macos-arm64

Version: 0.5.1
Check: R code for possible problems
Result: NOTE norm_inter_invert: possible error in findInterval(null, ti, checkSorted = FALSE, checkNA = FALSE): unused arguments (checkSorted = FALSE, checkNA = FALSE) Flavors: r-oldrel-macos-arm64, r-oldrel-macos-x86_64, r-oldrel-windows-x86_64

Version: 0.5.1
Check: whether package can be installed
Result: WARN Found the following significant warnings: Note: possible error in 'findInterval(null, ti, ': unused arguments (checkSorted = FALSE, checkNA = FALSE) See ‘/Volumes/Builds/packages/big-sur-x86_64/results/4.4/fwb.Rcheck/00install.out’ for details. Information on the location(s) of code generating the ‘Note’s can be obtained by re-running with environment variable R_KEEP_PKG_SOURCE set to ‘yes’. Flavor: r-oldrel-macos-x86_64

Version: 0.5.1
Check: whether package can be installed
Result: WARN Found the following significant warnings: Note: possible error in 'findInterval(null, ti, ': unused arguments (checkSorted = FALSE, checkNA = FALSE) See 'd:/Rcompile/CRANpkg/local/4.4/fwb.Rcheck/00install.out' for details. Information on the location(s) of code generating the 'Note's can be obtained by re-running with environment variable R_KEEP_PKG_SOURCE set to 'yes'. Flavor: r-oldrel-windows-x86_64

These binaries (installable software) and packages are in development.
They may not be fully stable and should be used with caution. We make no claims about them.
Health stats visible at Monitor.