Last updated on 2024-05-02 08:01:42 CEST.
Flavor | Version | Tinstall | Tcheck | Ttotal | Status | Flags |
---|---|---|---|---|---|---|
r-devel-linux-x86_64-debian-clang | 0.1.6 | 5.15 | 138.08 | 143.23 | NOTE | |
r-devel-linux-x86_64-debian-gcc | 0.1.6 | 4.42 | 107.10 | 111.52 | NOTE | |
r-devel-linux-x86_64-fedora-clang | 0.1.6 | 190.80 | NOTE | |||
r-devel-linux-x86_64-fedora-gcc | 0.1.6 | 186.68 | NOTE | |||
r-devel-windows-x86_64 | 0.1.6 | 7.00 | 115.00 | 122.00 | NOTE | |
r-patched-linux-x86_64 | 0.1.6 | 9.24 | 135.01 | 144.25 | NOTE | |
r-release-linux-x86_64 | 0.1.6 | 3.50 | 133.46 | 136.96 | NOTE | |
r-release-macos-arm64 | 0.1.6 | 62.00 | NOTE | |||
r-release-windows-x86_64 | 0.1.6 | 7.00 | 111.00 | 118.00 | NOTE | |
r-oldrel-macos-arm64 | 0.1.6 | 67.00 | OK | |||
r-oldrel-macos-x86_64 | 0.1.6 | 96.00 | OK | |||
r-oldrel-windows-x86_64 | 0.1.6 | 7.00 | 134.00 | 141.00 | OK |
Version: 0.1.6
Check: Rd files
Result: NOTE
checkRd: (-1) misspellings.Rd:18: Lost braces
18 | This is a code{tbl_df} mapping misspellings of their words, compiled by
| ^
Flavors: r-devel-linux-x86_64-debian-clang, r-devel-linux-x86_64-debian-gcc, r-devel-linux-x86_64-fedora-clang, r-devel-linux-x86_64-fedora-gcc, r-devel-windows-x86_64, r-patched-linux-x86_64, r-release-linux-x86_64, r-release-macos-arm64, r-release-windows-x86_64
These binaries (installable software) and packages are in development.
They may not be fully stable and should be used with caution. We make no claims about them.
Health stats visible at Monitor.