Last updated on 2025-05-03 22:49:53 CEST.
Flavor | Version | Tinstall | Tcheck | Ttotal | Status | Flags |
---|---|---|---|---|---|---|
r-devel-linux-x86_64-debian-clang | 1.0.1 | 24.49 | 91.53 | 116.02 | NOTE | |
r-devel-linux-x86_64-debian-gcc | 1.0.1 | 20.51 | 76.26 | 96.77 | NOTE | |
r-devel-linux-x86_64-fedora-clang | 1.0.1 | 190.24 | OK | |||
r-devel-linux-x86_64-fedora-gcc | 1.0.1 | 208.65 | OK | |||
r-devel-windows-x86_64 | 1.0.1 | 31.00 | 124.00 | 155.00 | OK | |
r-patched-linux-x86_64 | 1.0.1 | 27.63 | 91.22 | 118.85 | OK | |
r-release-linux-x86_64 | OK | |||||
r-release-macos-arm64 | 1.0.1 | 82.00 | OK | |||
r-release-macos-x86_64 | 1.0.1 | 141.00 | OK | |||
r-release-windows-x86_64 | 1.0.1 | 32.00 | 120.00 | 152.00 | OK | |
r-oldrel-macos-arm64 | 1.0.1 | 74.00 | NOTE | |||
r-oldrel-macos-x86_64 | 1.0.1 | 98.00 | NOTE | |||
r-oldrel-windows-x86_64 | 1.0.1 | 36.00 | 150.00 | 186.00 | NOTE |
Version: 1.0.1
Check: CRAN incoming feasibility
Result: NOTE
Maintainer: ‘Frank Dondelinger <fdondelinger.work@gmail.com>’
The Description field contains
in detail in Dondelinger and Mukherjee (2017) <arXiv:1611.00953>.
Please refer to arXiv e-prints via their arXiv DOI <doi:10.48550/arXiv.YYMM.NNNNN>.
Flavors: r-devel-linux-x86_64-debian-clang, r-devel-linux-x86_64-debian-gcc
Version: 1.0.1
Check: installed package size
Result: NOTE
installed size is 7.3Mb
sub-directories of 1Mb or more:
libs 7.1Mb
Flavors: r-oldrel-macos-arm64, r-oldrel-macos-x86_64
Version: 1.0.1
Check: LazyData
Result: NOTE
'LazyData' is specified without a 'data' directory
Flavors: r-oldrel-macos-arm64, r-oldrel-macos-x86_64, r-oldrel-windows-x86_64
These binaries (installable software) and packages are in development.
They may not be fully stable and should be used with caution. We make no claims about them.
Health stats visible at Monitor.