Last updated on 2024-05-02 13:49:57 CEST.
Flavor | Version | Tinstall | Tcheck | Ttotal | Status | Flags |
---|---|---|---|---|---|---|
r-devel-linux-x86_64-debian-clang | 0.5.2 | 12.98 | 459.62 | 472.60 | NOTE | |
r-devel-linux-x86_64-debian-gcc | 0.5.2 | 7.99 | 334.09 | 342.08 | NOTE | |
r-devel-linux-x86_64-fedora-clang | 0.5.2 | 575.30 | NOTE | |||
r-devel-linux-x86_64-fedora-gcc | 0.5.2 | 645.16 | NOTE | |||
r-devel-windows-x86_64 | 0.5.2 | 11.00 | 337.00 | 348.00 | NOTE | |
r-patched-linux-x86_64 | 0.5.2 | 7.21 | 435.94 | 443.15 | NOTE | |
r-release-linux-x86_64 | 0.5.2 | 7.11 | 433.55 | 440.66 | NOTE | |
r-release-macos-arm64 | 0.5.2 | 221.00 | NOTE | |||
r-release-windows-x86_64 | 0.5.2 | 11.00 | 334.00 | 345.00 | NOTE | |
r-oldrel-macos-arm64 | 0.5.2 | 253.00 | OK | |||
r-oldrel-macos-x86_64 | 0.5.2 | 483.00 | OK | |||
r-oldrel-windows-x86_64 | 0.5.2 | 13.00 | 396.00 | 409.00 | OK |
Version: 0.5.2
Check: Rd files
Result: NOTE
checkRd: (-1) add_flat_template.Rd:81: Lost braces; missing escapes or markup?
81 | \item "minimal_package": Minimal template to start a new package when you already know {fusen}, along with the "dev_history" template. Note that this is called "minimal" in \code{create_fusen()}.
| ^
checkRd: (-1) init_share_on_github.Rd:17: Lost braces; missing escapes or markup?
17 | This uses {pkgdown} to share the documentation of the package through GitHub Actions.
| ^
checkRd: (-1) init_share_on_github.Rd:36: Lost braces; missing escapes or markup?
36 | \item Init continuous deployment (CD) of the {pkgdown} website documentation
| ^
Flavors: r-devel-linux-x86_64-debian-clang, r-devel-linux-x86_64-debian-gcc, r-devel-linux-x86_64-fedora-clang, r-devel-linux-x86_64-fedora-gcc, r-devel-windows-x86_64, r-patched-linux-x86_64, r-release-linux-x86_64, r-release-macos-arm64, r-release-windows-x86_64
These binaries (installable software) and packages are in development.
They may not be fully stable and should be used with caution. We make no claims about them.
Health stats visible at Monitor.