CRAN Package Check Results for Package funcharts

Last updated on 2025-10-29 21:50:33 CET.

Flavor Version Tinstall Tcheck Ttotal Status Flags
r-devel-linux-x86_64-debian-clang 1.7.0 44.79 287.50 332.29 OK
r-devel-linux-x86_64-debian-gcc 1.7.0 32.97 186.56 219.53 OK
r-devel-linux-x86_64-fedora-clang 1.7.0 108.00 421.96 529.96 OK
r-devel-linux-x86_64-fedora-gcc 1.7.0 107.00 413.61 520.61 OK
r-devel-windows-x86_64 1.7.0 53.00 280.00 333.00 OK
r-patched-linux-x86_64 1.7.0 44.81 274.11 318.92 OK
r-release-linux-x86_64 1.7.0 49.08 274.96 324.04 ERROR
r-release-macos-arm64 1.7.0 20.00 111.00 131.00 OK
r-release-macos-x86_64 1.7.0 55.00 275.00 330.00 OK
r-release-windows-x86_64 1.7.0 52.00 282.00 334.00 OK
r-oldrel-macos-arm64 1.7.0 19.00 124.00 143.00 OK
r-oldrel-macos-x86_64 1.7.0 56.00 236.00 292.00 OK
r-oldrel-windows-x86_64 1.7.0 65.00 388.00 453.00 OK

Check Details

Version: 1.7.0
Check: tests
Result: ERROR Running ‘testthat.R’ [60s/76s] Running the tests in ‘tests/testthat.R’ failed. Complete output: > library(testthat) > library(funcharts) Loading required package: robustbase > > test_check("funcharts") [ FAIL 1 | WARN 0 | SKIP 1 | PASS 113 ] ══ Skipped tests (1) ═══════════════════════════════════════════════════════════ • On CRAN (1): 'test_FRTM.R:1:1' ══ Failed tests ════════════════════════════════════════════════════════════════ ── Error ('test_AMFCC.R:38:1'): (code run outside of `test_that()`) ──────────── Error in `bw.SJ(x, method = "ste")`: sample is too sparse to find TD Backtrace: ▆ 1. └─funcharts::AMFCC_PhaseI(...) at test_AMFCC.R:38:1 2. └─funcharts:::get_CL(p_values_combined, 1/alpha_mon) 3. ├─spatstat.univar::quantile.density(...) 4. │ └─base::stopifnot(inherits(x, "density")) 5. ├─stats::density(p_values_combined[[ww]], bw = "SJ") 6. └─stats::density.default(p_values_combined[[ww]], bw = "SJ") 7. └─stats::bw.SJ(x, method = "ste") [ FAIL 1 | WARN 0 | SKIP 1 | PASS 113 ] Error: Test failures Execution halted Flavor: r-release-linux-x86_64

These binaries (installable software) and packages are in development.
They may not be fully stable and should be used with caution. We make no claims about them.
Health stats visible at Monitor.