Last updated on 2025-10-30 23:50:08 CET.
| Flavor | Version | Tinstall | Tcheck | Ttotal | Status | Flags | 
|---|---|---|---|---|---|---|
| r-devel-linux-x86_64-debian-clang | 1.0.0 | 163.77 | 158.11 | 321.88 | WARN | |
| r-devel-linux-x86_64-debian-gcc | 1.0.0 | 115.67 | 111.58 | 227.25 | WARN | |
| r-devel-linux-x86_64-fedora-clang | 1.0.0 | 255.00 | 324.60 | 579.60 | WARN | |
| r-devel-linux-x86_64-fedora-gcc | 1.0.0 | 253.00 | 301.94 | 554.94 | WARN | |
| r-devel-windows-x86_64 | 1.0.0 | 188.00 | 171.00 | 359.00 | WARN | |
| r-patched-linux-x86_64 | 1.0.0 | 167.12 | 146.40 | 313.52 | WARN | |
| r-release-linux-x86_64 | 1.0.0 | 167.15 | 147.15 | 314.30 | WARN | |
| r-release-macos-arm64 | 1.0.0 | 2.00 | 5.00 | 7.00 | ERROR | |
| r-release-macos-x86_64 | 1.0.0 | 12.00 | 9.00 | 21.00 | ERROR | |
| r-release-windows-x86_64 | 1.0.0 | 189.00 | 174.00 | 363.00 | WARN | |
| r-oldrel-macos-arm64 | 1.0.0 | 3.00 | 9.00 | 12.00 | ERROR | |
| r-oldrel-macos-x86_64 | 1.0.0 | 13.00 | 14.00 | 27.00 | ERROR | |
| r-oldrel-windows-x86_64 | 1.0.0 | 226.00 | 226.00 | 452.00 | WARN | 
Version: 1.0.0
Check: whether package can be installed
Result: WARN
  Found the following significant warnings:
    SobolDiss.cpp:16:8: warning: 'is_finite<arma::subview<double>>' is deprecated: change arma::is_finite(X) to X.is_finite() [-Wdeprecated-declarations]
    probKMAImpl.cpp:749:19: warning: 'is_finite<double>' is deprecated: change arma::is_finite(val) to std::isfinite(val) [-Wdeprecated-declarations]
  See ‘/home/hornik/tmp/R.check/r-devel-clang/Work/PKGS/funMoDisco.Rcheck/00install.out’ for details.
  * used C++ compiler: ‘Debian clang version 19.1.7 (7)’
Flavor: r-devel-linux-x86_64-debian-clang
Version: 1.0.0
Check: whether package can be installed
Result: WARN
  Found the following significant warnings:
    SobolDiss.cpp:16:17: warning: ‘bool arma::is_finite(const Base<typename T1::elem_type, T1>&) [with T1 = subview<double>; typename T1::elem_type = double]’ is deprecated: change arma::is_finite(X) to X.is_finite() [-Wdeprecated-declarations]
    probKMAImpl.cpp:749:28: warning: ‘bool arma::is_finite(eT, const typename arma_scalar_only<T>::result*) [with eT = double; typename arma_scalar_only<T>::result = double]’ is deprecated: change arma::is_finite(val) to std::isfinite(val) [-Wdeprecated-declarations]
  See ‘/home/hornik/tmp/R.check/r-devel-gcc/Work/PKGS/funMoDisco.Rcheck/00install.out’ for details.
  * used C++ compiler: ‘g++-15 (Debian 15.2.0-4) 15.2.0’
Flavor: r-devel-linux-x86_64-debian-gcc
Version: 1.0.0
Check: whether package can be installed
Result: WARN
  Found the following significant warnings:
    SobolDiss.cpp:16:8: warning: 'is_finite<arma::subview<double>>' is deprecated: change arma::is_finite(X) to X.is_finite() [-Wdeprecated-declarations]
    probKMAImpl.cpp:749:19: warning: 'is_finite<double>' is deprecated: change arma::is_finite(val) to std::isfinite(val) [-Wdeprecated-declarations]
  See ‘/data/gannet/ripley/R/packages/tests-clang/funMoDisco.Rcheck/00install.out’ for details.
  * used C++ compiler: ‘clang version 21.1.4’
Flavor: r-devel-linux-x86_64-fedora-clang
Version: 1.0.0
Check: whether package can be installed
Result: WARN
  Found the following significant warnings:
    SobolDiss.cpp:16:17: warning: ‘bool arma::is_finite(const Base<typename T1::elem_type, T1>&) [with T1 = subview<double>; typename T1::elem_type = double]’ is deprecated: change arma::is_finite(X) to X.is_finite() [-Wdeprecated-declarations]
    probKMAImpl.cpp:749:28: warning: ‘bool arma::is_finite(eT, const typename arma_scalar_only<T>::result*) [with eT = double; typename arma_scalar_only<T>::result = double]’ is deprecated: change arma::is_finite(val) to std::isfinite(val) [-Wdeprecated-declarations]
  See ‘/data/gannet/ripley/R/packages/tests-devel/funMoDisco.Rcheck/00install.out’ for details.
  * used C++ compiler: ‘g++ (GCC) 15.1.1 20250521 (Red Hat 15.1.1-2)’
Flavor: r-devel-linux-x86_64-fedora-gcc
Version: 1.0.0
Check: whether package can be installed
Result: WARN
  Found the following significant warnings:
    SobolDiss.cpp:16:17: warning: 'bool arma::is_finite(const Base<typename T1::elem_type, T1>&) [with T1 = subview<double>; typename T1::elem_type = double]' is deprecated: change arma::is_finite(X) to X.is_finite() [-Wdeprecated-declarations]
    probKMAImpl.cpp:749:28: warning: 'bool arma::is_finite(eT, const typename arma_scalar_only<eT>::result*) [with eT = double; typename arma_scalar_only<eT>::result = double]' is deprecated: change arma::is_finite(val) to std::isfinite(val) [-Wdeprecated-declarations]
  See 'd:/Rcompile/CRANpkg/local/4.6/funMoDisco.Rcheck/00install.out' for details.
  * used C++ compiler: 'g++.exe (GCC) 14.2.0'
Flavor: r-devel-windows-x86_64
Version: 1.0.0
Check: whether package can be installed
Result: WARN
  Found the following significant warnings:
    SobolDiss.cpp:16:17: warning: ‘bool arma::is_finite(const Base<typename T1::elem_type, T1>&) [with T1 = subview<double>; typename T1::elem_type = double]’ is deprecated: change arma::is_finite(X) to X.is_finite() [-Wdeprecated-declarations]
    probKMAImpl.cpp:749:28: warning: ‘bool arma::is_finite(eT, const typename arma_scalar_only<eT>::result*) [with eT = double; typename arma_scalar_only<eT>::result = double]’ is deprecated: change arma::is_finite(val) to std::isfinite(val) [-Wdeprecated-declarations]
  See ‘/home/hornik/tmp/R.check/r-patched-gcc/Work/PKGS/funMoDisco.Rcheck/00install.out’ for details.
  * used C++ compiler: ‘g++-14 (Debian 14.3.0-8) 14.3.0’
Flavor: r-patched-linux-x86_64
Version: 1.0.0
Check: whether package can be installed
Result: WARN
  Found the following significant warnings:
    SobolDiss.cpp:16:17: warning: ‘bool arma::is_finite(const Base<typename T1::elem_type, T1>&) [with T1 = subview<double>; typename T1::elem_type = double]’ is deprecated: change arma::is_finite(X) to X.is_finite() [-Wdeprecated-declarations]
    probKMAImpl.cpp:749:28: warning: ‘bool arma::is_finite(eT, const typename arma_scalar_only<eT>::result*) [with eT = double; typename arma_scalar_only<eT>::result = double]’ is deprecated: change arma::is_finite(val) to std::isfinite(val) [-Wdeprecated-declarations]
  See ‘/home/hornik/tmp/R.check/r-release-gcc/Work/PKGS/funMoDisco.Rcheck/00install.out’ for details.
  * used C++ compiler: ‘g++-14 (Debian 14.3.0-8) 14.3.0’
Flavor: r-release-linux-x86_64
Version: 1.0.0
Check: whether package can be installed
Result: ERROR
  Installation failed.
Flavors: r-release-macos-arm64, r-release-macos-x86_64, r-oldrel-macos-arm64, r-oldrel-macos-x86_64
Version: 1.0.0
Check: whether package can be installed
Result: WARN
  Found the following significant warnings:
    SobolDiss.cpp:16:17: warning: 'bool arma::is_finite(const Base<typename T1::elem_type, T1>&) [with T1 = subview<double>; typename T1::elem_type = double]' is deprecated: change arma::is_finite(X) to X.is_finite() [-Wdeprecated-declarations]
    probKMAImpl.cpp:749:28: warning: 'bool arma::is_finite(eT, const typename arma_scalar_only<eT>::result*) [with eT = double; typename arma_scalar_only<eT>::result = double]' is deprecated: change arma::is_finite(val) to std::isfinite(val) [-Wdeprecated-declarations]
  See 'd:/Rcompile/CRANpkg/local/4.5/funMoDisco.Rcheck/00install.out' for details.
  * used C++ compiler: 'g++.exe (GCC) 14.2.0'
Flavor: r-release-windows-x86_64
Version: 1.0.0
Check: whether package can be installed
Result: WARN
  Found the following significant warnings:
    SobolDiss.cpp:16:17: warning: 'bool arma::is_finite(const Base<typename T1::elem_type, T1>&) [with T1 = subview<double>; typename T1::elem_type = double]' is deprecated: change arma::is_finite(X) to X.is_finite() [-Wdeprecated-declarations]
    probKMAImpl.cpp:749:28: warning: 'bool arma::is_finite(eT, const typename arma_scalar_only<eT>::result*) [with eT = double; typename arma_scalar_only<eT>::result = double]' is deprecated: change arma::is_finite(val) to std::isfinite(val) [-Wdeprecated-declarations]
  See 'd:/Rcompile/CRANpkg/local/4.4/funMoDisco.Rcheck/00install.out' for details.
  * used C++ compiler: 'g++.exe (GCC) 13.3.0'
Flavor: r-oldrel-windows-x86_64
Version: 1.0.0
Check: installed package size
Result: NOTE
    installed size is  6.8Mb
    sub-directories of 1Mb or more:
      data   4.4Mb
      libs   1.6Mb
Flavor: r-oldrel-windows-x86_64
These binaries (installable software) and packages are in development.
They may not be fully stable and should be used with caution. We make no claims about them.
Health stats visible at Monitor.