Last updated on 2025-10-30 19:53:24 CET.
| Flavor | Version | Tinstall | Tcheck | Ttotal | Status | Flags | 
|---|---|---|---|---|---|---|
| r-devel-linux-x86_64-debian-clang | 0.1.8 | 48.12 | 130.86 | 178.98 | NOTE | |
| r-devel-linux-x86_64-debian-gcc | 0.1.8 | 37.13 | 92.65 | 129.78 | NOTE | |
| r-devel-linux-x86_64-fedora-clang | 0.1.8 | 131.00 | 145.08 | 276.08 | NOTE | |
| r-devel-linux-x86_64-fedora-gcc | 0.1.8 | 120.00 | 182.44 | 302.44 | NOTE | |
| r-devel-windows-x86_64 | 0.1.8 | 45.00 | 167.00 | 212.00 | NOTE | |
| r-patched-linux-x86_64 | 0.1.8 | 50.84 | 130.75 | 181.59 | NOTE | |
| r-release-linux-x86_64 | 0.1.8 | 47.69 | 129.22 | 176.91 | NOTE | |
| r-release-macos-arm64 | 0.1.8 | 22.00 | 71.00 | 93.00 | NOTE | |
| r-release-macos-x86_64 | 0.1.8 | 48.00 | 133.00 | 181.00 | NOTE | |
| r-release-windows-x86_64 | 0.1.8 | 46.00 | 171.00 | 217.00 | NOTE | |
| r-oldrel-macos-arm64 | 0.1.8 | 19.00 | 57.00 | 76.00 | NOTE | |
| r-oldrel-macos-x86_64 | 0.1.8 | 33.00 | 93.00 | 126.00 | NOTE | |
| r-oldrel-windows-x86_64 | 0.1.8 | 58.00 | 216.00 | 274.00 | NOTE | 
Version: 0.1.8
Check: CRAN incoming feasibility
Result: NOTE
  Maintainer: ‘Xin Zhou <xxz220@miami.edu>’
  
  No Authors@R field in DESCRIPTION.
  Please add one, modifying
    Authors@R: c(person(given = "Xin",
                        family = "Zhou",
                        role = c("aut", "cre"),
                        email = "xxz220@miami.edu"),
                 person(given = "Xiaodong",
                        family = "Cai",
                        role = "aut"))
  as necessary.
Flavors: r-devel-linux-x86_64-debian-clang, r-devel-linux-x86_64-debian-gcc
Version: 0.1.8
Check: C++ specification
Result: NOTE
    Specified C++11: please drop specification unless essential
Flavors: r-devel-linux-x86_64-debian-clang, r-devel-linux-x86_64-debian-gcc, r-devel-linux-x86_64-fedora-clang, r-devel-linux-x86_64-fedora-gcc, r-devel-windows-x86_64, r-patched-linux-x86_64, r-release-linux-x86_64, r-release-macos-arm64, r-release-macos-x86_64, r-release-windows-x86_64, r-oldrel-macos-arm64, r-oldrel-macos-x86_64, r-oldrel-windows-x86_64
Version: 0.1.8
Check: dependencies in R code
Result: NOTE
  Namespace in Imports field not imported from: ‘qpdf’
    All declared Imports should be used.
Flavors: r-devel-linux-x86_64-fedora-clang, r-devel-linux-x86_64-fedora-gcc
Version: 0.1.8
Check: installed package size
Result: NOTE
    installed size is 20.4Mb
    sub-directories of 1Mb or more:
      libs  19.7Mb
Flavors: r-oldrel-macos-arm64, r-oldrel-macos-x86_64
These binaries (installable software) and packages are in development.
They may not be fully stable and should be used with caution. We make no claims about them.
Health stats visible at Monitor.