Last updated on 2025-02-23 19:51:05 CET.
Flavor | Version | Tinstall | Tcheck | Ttotal | Status | Flags |
---|---|---|---|---|---|---|
r-devel-linux-x86_64-debian-clang | 2.25.3 | 10.08 | 92.23 | 102.31 | NOTE | |
r-devel-linux-x86_64-debian-gcc | 2.25.3 | 6.43 | 65.66 | 72.09 | NOTE | |
r-devel-linux-x86_64-fedora-clang | 2.25.3 | 174.85 | OK | |||
r-devel-linux-x86_64-fedora-gcc | 2.25.3 | 179.38 | OK | |||
r-devel-macos-arm64 | 2.25.3 | 60.00 | OK | |||
r-devel-macos-x86_64 | 2.25.3 | 113.00 | OK | |||
r-devel-windows-x86_64 | 2.25.3 | 12.00 | 136.00 | 148.00 | NOTE | |
r-patched-linux-x86_64 | 2.25.3 | 17.01 | 87.86 | 104.87 | OK | |
r-release-linux-x86_64 | 2.25.3 | 9.72 | 87.34 | 97.06 | OK | |
r-release-macos-arm64 | 2.25.3 | 70.00 | OK | |||
r-release-macos-x86_64 | 2.25.3 | 80.00 | OK | |||
r-release-windows-x86_64 | 2.25.3 | 10.00 | 142.00 | 152.00 | OK | |
r-oldrel-macos-arm64 | 2.25.3 | 59.00 | OK | |||
r-oldrel-macos-x86_64 | 2.25.3 | 151.00 | OK | |||
r-oldrel-windows-x86_64 | 2.25.3 | 11.00 | 156.00 | 167.00 | OK |
Version: 2.25.3
Check: Rd cross-references
Result: NOTE
Found the following Rd file(s) with Rd \link{} targets missing package
anchors:
check_file.Rd: checkimg
fast.Rd: readnii
flirt.Rd: readnii
flirt_apply.Rd: readnii
fnirt.Rd: readnii
fnirt_with_affine.Rd: readnii
fnirt_with_affine_apply.Rd: readnii
fsl_anat.Rd: checkimg
fsl_applywarp.Rd: readnii
fsl_biascorrect.Rd: readnii
fsl_cluster.Rd: readnii
fsl_deface.Rd: readnii
fsl_resample.Rd: readnii
fslabs.Rd: readnii
fslacos.Rd: readnii
fsladd.Rd: readnii
fslasin.Rd: readnii
fslatan.Rd: readnii
fslbet.Rd: readnii
fslbin.Rd: readnii
fslbinv.Rd: readnii
fslchfiletype.Rd: readnii
fslcmd.Rd: readnii
fslcos.Rd: readnii
fslcpgeom.Rd: readnii
fsldilate.Rd: readnii
fsldiv.Rd: readnii
fsledge.Rd: readnii
fslepi_reg.Rd: readnii
fslerode.Rd: readnii
fslexp.Rd: readnii
fslfill.Rd: readnii
fslfill2.Rd: readnii
fslhd.Rd: checkimg
fslindex.Rd: readnii
fsllog.Rd: readnii
fslmask.Rd: readnii
fslmaths.Rd: readnii
fslmerge.Rd: readnii
fslmul.Rd: readnii
fslnan.Rd: readnii
fslnanm.Rd: readnii
fslor.Rd: readnii
fslorient.Rd: readnii
fslrand.Rd: readnii
fslrandn.Rd: readnii
fslrange.Rd: checkimg
fslrecip.Rd: readnii
fslrem.Rd: readnii
fslreorient2std.Rd: readnii
fslrobustfov.Rd: readnii
fslroi.Rd: readnii
fslsin.Rd: readnii
fslslicetimer.Rd: readnii
fslsmooth.Rd: readnii
fslsplit.Rd: readnii
fslsqr.Rd: readnii
fslsqrt.Rd: readnii
fslstats.Rd: checkimg
fslsub.Rd: readnii
fslsub2.Rd: readnii
fslswapdim.Rd: readnii
fsltan.Rd: readnii
fslthresh.Rd: readnii
fslval.Rd: checkimg
fslview.Rd: checkimg
fslvol.Rd: voxdim
fslxor.Rd: readnii
getForms.Rd: checkimg
mcflirt.Rd: readnii
melodic.Rd: checkimg
mni_img.Rd: nifti
readrpi.Rd: readnii
susan.Rd: readnii
Please provide package anchors for all Rd \link{} targets not in the
package itself and the base packages.
Flavors: r-devel-linux-x86_64-debian-clang, r-devel-linux-x86_64-debian-gcc, r-devel-windows-x86_64
These binaries (installable software) and packages are in development.
They may not be fully stable and should be used with caution. We make no claims about them.
Health stats visible at Monitor.