Last updated on 2025-02-02 07:50:10 CET.
Flavor | Version | Tinstall | Tcheck | Ttotal | Status | Flags |
---|---|---|---|---|---|---|
r-devel-linux-x86_64-debian-clang | 0.5.5 | 20.25 | 160.02 | 180.27 | NOTE | |
r-devel-linux-x86_64-debian-gcc | 0.5.5 | 10.69 | 105.75 | 116.44 | NOTE | |
r-devel-linux-x86_64-fedora-clang | 0.5.5 | 277.37 | OK | |||
r-devel-linux-x86_64-fedora-gcc | 0.5.5 | 282.68 | OK | |||
r-devel-windows-x86_64 | 0.5.5 | 24.00 | 223.00 | 247.00 | NOTE | |
r-patched-linux-x86_64 | 0.5.5 | 29.73 | 150.43 | 180.16 | OK | |
r-release-linux-x86_64 | 0.5.5 | 18.53 | 146.50 | 165.03 | OK | |
r-release-macos-arm64 | 0.5.5 | 76.00 | OK | |||
r-release-macos-x86_64 | 0.5.5 | 217.00 | OK | |||
r-release-windows-x86_64 | 0.5.5 | 22.00 | 222.00 | 244.00 | OK | |
r-oldrel-macos-arm64 | 0.5.5 | 100.00 | OK | |||
r-oldrel-macos-x86_64 | 0.5.5 | 168.00 | OK | |||
r-oldrel-windows-x86_64 | 0.5.5 | 28.00 | 252.00 | 280.00 | OK |
Version: 0.5.5
Check: Rd cross-references
Result: NOTE
Found the following Rd file(s) with Rd \link{} targets missing package
anchors:
brainview.sd.Rd: bg3d, par3d
brainview.si.Rd: bg3d, par3d
brainview.sr.Rd: bg3d, spin3d, par3d
brainview.t4.Rd: bg3d, par3d
brainview.t9.Rd: bg3d, par3d
brainviews.Rd: par3d
collayer.from.mask.data.Rd: makecmap
collayer.from.morphlike.data.Rd: makecmap
coloredmesh.from.annot.Rd: tmesh3d
coloredmesh.from.color.Rd: tmesh3d
coloredmesh.from.label.Rd: makecmap, tmesh3d
coloredmesh.from.mask.Rd: makecmap, tmesh3d
coloredmesh.from.morph.native.Rd: makecmap, tmesh3d
coloredmesh.from.morph.standard.Rd: makecmap, tmesh3d
coloredmesh.from.morphdata.Rd: makecmap, tmesh3d
coloredmesh.from.preloaded.data.Rd: makecmap
coloredmeshes.from.color.Rd: tmesh3d
common.makecmap.range.Rd: makecmap
cube3D.tris.Rd: triangles3d
draw.colorbar.Rd: bgplot3d
fs.coloredmesh.Rd: tmesh3d
get.rglstyle.Rd: material3d, shade3d
get.rglstyle.default.Rd: material3d, shade3d
get.rglstyle.edges.Rd: shade3d
get.rglstyle.glass.Rd: material3d, shade3d
get.rglstyle.glass2.Rd: material3d, shade3d
get.rglstyle.parameters.Rd: material3d
get.rglstyle.semitransparent.Rd: material3d, shade3d
get.rglstyle.shiny.Rd: material3d, shade3d
highlight.vertices.on.subject.Rd: par3d
rglactions.Rd: text3d
rglvoxels.Rd: spheres3d, triangles3d
vis.color.on.subject.Rd: par3d
vis.coloredmeshes.Rd: par3d
vis.coloredmeshes.rotating.Rd: spin3d, par3d
vis.data.on.fsaverage.Rd: par3d, makecmap
vis.data.on.subject.Rd: par3d, makecmap
vis.fs.surface.Rd: makecmap
vis.labeldata.on.subject.Rd: par3d, makecmap
vis.mask.on.subject.Rd: par3d, makecmap
vis.region.values.on.subject.Rd: par3d, makecmap
vis.rotated.coloredmeshes.Rd: rotate3d
vis.subject.annot.Rd: par3d
vis.subject.label.Rd: par3d, makecmap
vis.subject.morph.native.Rd: par3d, makecmap
vis.subject.morph.standard.Rd: par3d, makecmap
vis.subject.pre.Rd: par3d, makecmap
vis.symmetric.data.on.subject.Rd: par3d, makecmap
vislayout.from.coloredmeshes.Rd: par3d, material3d
volvis.voxels.Rd: triangles3d
Please provide package anchors for all Rd \link{} targets not in the
package itself and the base packages.
Flavors: r-devel-linux-x86_64-debian-clang, r-devel-linux-x86_64-debian-gcc, r-devel-windows-x86_64
These binaries (installable software) and packages are in development.
They may not be fully stable and should be used with caution. We make no claims about them.
Health stats visible at Monitor.