Last updated on 2025-05-03 22:49:53 CEST.
Flavor | Version | Tinstall | Tcheck | Ttotal | Status | Flags |
---|---|---|---|---|---|---|
r-devel-linux-x86_64-debian-clang | 1.2.0 | 4.21 | 70.17 | 74.38 | NOTE | |
r-devel-linux-x86_64-debian-gcc | 1.2.0 | 2.67 | 54.09 | 56.76 | NOTE | |
r-devel-linux-x86_64-fedora-clang | 1.2.0 | 112.40 | OK | |||
r-devel-linux-x86_64-fedora-gcc | 1.2.0 | 121.56 | OK | |||
r-devel-windows-x86_64 | 1.2.0 | 8.00 | 90.00 | 98.00 | OK | |
r-patched-linux-x86_64 | 1.2.0 | 4.24 | 64.61 | 68.85 | OK | |
r-release-linux-x86_64 | OK | |||||
r-release-macos-arm64 | 1.2.0 | 61.00 | OK | |||
r-release-macos-x86_64 | 1.2.0 | 144.00 | OK | |||
r-release-windows-x86_64 | 1.2.0 | 7.00 | 86.00 | 93.00 | OK | |
r-oldrel-macos-arm64 | 1.2.0 | 48.00 | OK | |||
r-oldrel-macos-x86_64 | 1.2.0 | 88.00 | OK | |||
r-oldrel-windows-x86_64 | 1.2.0 | 7.00 | 101.00 | 108.00 | OK |
Version: 1.2.0
Check: DESCRIPTION meta-information
Result: NOTE
Author field differs from that derived from Authors@R
Author: ‘Peter Desmet [aut, cre] (<https://orcid.org/0000-0002-8442-8025>, Research Institute for Nature and Forest (INBO)), Damiano Oldoni [aut] (<https://orcid.org/0000-0003-3445-7562>, Research Institute for Nature and Forest (INBO)), Pieter Huybrechts [aut] (<https://orcid.org/0000-0002-6658-6062>, Research Institute for Nature and Forest (INBO)), Sanne Govaert [aut] (<https://orcid.org/0000-0002-8939-1305>, Research Institute for Nature and Forest (INBO)), Kyle Husmann [ctb] (<https://orcid.org/0000-0001-9875-8976>, Pennsylvania State University), Research Institute for Nature and Forest (INBO) [cph] (https://www.vlaanderen.be/inbo/en-gb/), LifeWatch Belgium [fnd] (https://lifewatch.be), Beatriz Milz [rev] (<https://orcid.org/0000-0002-3064-4486>), João Martins [rev] (<https://orcid.org/0000-0001-7961-4280>)’
Authors@R: ‘Peter Desmet [aut, cre] (ORCID: <https://orcid.org/0000-0002-8442-8025>, affiliation: Research Institute for Nature and Forest (INBO)), Damiano Oldoni [aut] (ORCID: <https://orcid.org/0000-0003-3445-7562>, affiliation: Research Institute for Nature and Forest (INBO)), Pieter Huybrechts [aut] (ORCID: <https://orcid.org/0000-0002-6658-6062>, affiliation: Research Institute for Nature and Forest (INBO)), Sanne Govaert [aut] (ORCID: <https://orcid.org/0000-0002-8939-1305>, affiliation: Research Institute for Nature and Forest (INBO)), Kyle Husmann [ctb] (ORCID: <https://orcid.org/0000-0001-9875-8976>, affiliation: Pennsylvania State University), Research Institute for Nature and Forest (INBO) [cph] (https://www.vlaanderen.be/inbo/en-gb/), LifeWatch Belgium [fnd] (https://lifewatch.be), Beatriz Milz [rev] (ORCID: <https://orcid.org/0000-0002-3064-4486>), João Martins [rev] (ORCID: <https://orcid.org/0000-0001-7961-4280>)’
Flavors: r-devel-linux-x86_64-debian-clang, r-devel-linux-x86_64-debian-gcc
These binaries (installable software) and packages are in development.
They may not be fully stable and should be used with caution. We make no claims about them.
Health stats visible at Monitor.