Last updated on 2024-05-02 04:00:18 CEST.
Flavor | Version | Tinstall | Tcheck | Ttotal | Status | Flags |
---|---|---|---|---|---|---|
r-devel-linux-x86_64-debian-clang | 1.1-1 | 28.53 | 228.50 | 257.03 | NOTE | |
r-devel-linux-x86_64-debian-gcc | 1.1-1 | 24.41 | 164.07 | 188.48 | NOTE | |
r-devel-linux-x86_64-fedora-clang | 1.1-1 | 341.23 | NOTE | |||
r-devel-linux-x86_64-fedora-gcc | 1.1-1 | 333.00 | NOTE | |||
r-devel-windows-x86_64 | 1.1-1 | 25.00 | 192.00 | 217.00 | NOTE | |
r-patched-linux-x86_64 | 1.1-1 | 32.09 | 207.93 | 240.02 | NOTE | |
r-release-linux-x86_64 | 1.1-1 | 30.08 | 233.18 | 263.26 | NOTE | |
r-release-macos-arm64 | 1.1-1 | 84.00 | NOTE | |||
r-release-windows-x86_64 | 1.1-1 | 27.00 | 207.00 | 234.00 | NOTE | |
r-oldrel-macos-arm64 | 1.1-1 | 102.00 | OK | |||
r-oldrel-macos-x86_64 | 1.1-1 | 172.00 | OK | |||
r-oldrel-windows-x86_64 | 1.1-1 | 34.00 | 264.00 | 298.00 | OK |
Version: 1.1-1
Check: Rd files
Result: NOTE
checkRd: (-1) grade.Rd:57: Lost braces
57 | \code{freealg} object comprising terms of grade code{n}.
| ^
Flavors: r-devel-linux-x86_64-debian-clang, r-devel-linux-x86_64-debian-gcc, r-devel-linux-x86_64-fedora-clang, r-devel-linux-x86_64-fedora-gcc, r-devel-windows-x86_64, r-patched-linux-x86_64, r-release-linux-x86_64, r-release-macos-arm64, r-release-windows-x86_64
These binaries (installable software) and packages are in development.
They may not be fully stable and should be used with caution. We make no claims about them.
Health stats visible at Monitor.