Last updated on 2025-02-23 15:49:43 CET.
Flavor | Version | Tinstall | Tcheck | Ttotal | Status | Flags |
---|---|---|---|---|---|---|
r-devel-linux-x86_64-debian-clang | 0.5.100 | 10.19 | 85.76 | 95.95 | NOTE | |
r-devel-linux-x86_64-debian-gcc | 0.5.100 | 7.56 | 62.48 | 70.04 | NOTE | |
r-devel-linux-x86_64-fedora-clang | 0.5.100 | 164.65 | NOTE | |||
r-devel-linux-x86_64-fedora-gcc | 0.5.100 | 156.40 | NOTE | |||
r-devel-macos-arm64 | 0.5.100 | 43.00 | NOTE | |||
r-devel-macos-x86_64 | 0.5.100 | 80.00 | NOTE | |||
r-devel-windows-x86_64 | 0.5.100 | 10.00 | 102.00 | 112.00 | NOTE | |
r-patched-linux-x86_64 | 0.5.100 | 12.00 | 79.92 | 91.92 | NOTE | |
r-release-linux-x86_64 | 0.5.100 | 10.00 | 79.77 | 89.77 | NOTE | |
r-release-macos-arm64 | 0.5.100 | 43.00 | NOTE | |||
r-release-macos-x86_64 | 0.5.100 | 63.00 | NOTE | |||
r-release-windows-x86_64 | 0.5.100 | 10.00 | 92.00 | 102.00 | NOTE | |
r-oldrel-macos-arm64 | 0.5.100 | 46.00 | NOTE | |||
r-oldrel-macos-x86_64 | 0.5.100 | 79.00 | NOTE | |||
r-oldrel-windows-x86_64 | 0.5.100 | 11.00 | 112.00 | 123.00 | NOTE |
Version: 0.5.100
Check: package subdirectories
Result: NOTE
Problems with news in ‘NEWS.md’:
No news entries found.
Flavors: r-devel-linux-x86_64-debian-clang, r-devel-linux-x86_64-debian-gcc, r-devel-linux-x86_64-fedora-clang, r-devel-linux-x86_64-fedora-gcc, r-devel-macos-arm64, r-devel-macos-x86_64, r-devel-windows-x86_64, r-patched-linux-x86_64, r-release-linux-x86_64, r-release-macos-arm64, r-release-macos-x86_64, r-release-windows-x86_64, r-oldrel-macos-arm64, r-oldrel-macos-x86_64, r-oldrel-windows-x86_64
Version: 0.5.100
Check: Rd cross-references
Result: NOTE
Found the following Rd file(s) with Rd \link{} targets missing package
anchors:
fr_emdII.Rd: mle2
fr_flexp.Rd: mle2
fr_flexpnr.Rd: mle2
fr_hassIII.Rd: mle2
fr_hassIIInr.Rd: mle2
fr_hollingsII.Rd: mle2
fr_rogersII.Rd: mle2
fr_typeI.Rd: mle2
Please provide package anchors for all Rd \link{} targets not in the
package itself and the base packages.
Flavors: r-devel-linux-x86_64-debian-clang, r-devel-linux-x86_64-debian-gcc, r-devel-windows-x86_64
These binaries (installable software) and packages are in development.
They may not be fully stable and should be used with caution. We make no claims about them.
Health stats visible at Monitor.