Last updated on 2025-05-03 22:49:53 CEST.
Flavor | Version | Tinstall | Tcheck | Ttotal | Status | Flags |
---|---|---|---|---|---|---|
r-devel-linux-x86_64-debian-clang | 0.2.0 | 12.15 | 107.10 | 119.25 | NOTE | |
r-devel-linux-x86_64-debian-gcc | 0.2.0 | 7.45 | 75.22 | 82.67 | NOTE | |
r-devel-linux-x86_64-fedora-clang | 0.2.0 | 165.12 | NOTE | |||
r-devel-linux-x86_64-fedora-gcc | 0.2.0 | 197.57 | NOTE | |||
r-devel-windows-x86_64 | 0.2.0 | 14.00 | 116.00 | 130.00 | NOTE | |
r-patched-linux-x86_64 | 0.2.0 | 11.79 | 98.97 | 110.76 | NOTE | |
r-release-linux-x86_64 | NOTE | |||||
r-release-macos-arm64 | 0.2.0 | 74.00 | NOTE | |||
r-release-macos-x86_64 | 0.2.0 | 115.00 | NOTE | |||
r-release-windows-x86_64 | 0.2.0 | 15.00 | 113.00 | 128.00 | NOTE | |
r-oldrel-macos-arm64 | 0.2.0 | 59.00 | NOTE | |||
r-oldrel-macos-x86_64 | 0.2.0 | 87.00 | NOTE | |||
r-oldrel-windows-x86_64 | 0.2.0 | 19.00 | 142.00 | 161.00 | NOTE |
Version: 0.2.0
Check: CRAN incoming feasibility
Result: NOTE
Maintainer: ‘Albert Y. Kim <albert.ys.kim@gmail.com>’
Package CITATION file contains call(s) to old-style personList() or
as.personList(). Please use c() on person objects instead.
Package CITATION file contains call(s) to old-style citEntry(). Please
use bibentry() instead.
Flavors: r-devel-linux-x86_64-debian-clang, r-devel-linux-x86_64-debian-gcc
Version: 0.2.0
Check: package subdirectories
Result: NOTE
Problems with news in ‘NEWS.md’:
Cannot extract version info from the following section titles:
Previous versions (not tagged nor released)
Flavors: r-devel-linux-x86_64-debian-clang, r-devel-linux-x86_64-debian-gcc, r-devel-linux-x86_64-fedora-clang, r-devel-linux-x86_64-fedora-gcc, r-devel-windows-x86_64, r-patched-linux-x86_64, r-release-linux-x86_64, r-release-macos-arm64, r-release-macos-x86_64, r-release-windows-x86_64, r-oldrel-macos-arm64, r-oldrel-macos-x86_64, r-oldrel-windows-x86_64
Version: 0.2.0
Check: Rd files
Result: NOTE
checkRd: (-1) species_bw.Rd:23: Lost braces
23 | between trees." \doi{10.1371/journal.pone.0229930}{PLOS One 15: e0229930}.
| ^
Flavors: r-devel-linux-x86_64-debian-clang, r-devel-linux-x86_64-debian-gcc, r-devel-linux-x86_64-fedora-clang, r-devel-linux-x86_64-fedora-gcc, r-devel-windows-x86_64, r-patched-linux-x86_64, r-release-linux-x86_64, r-release-macos-arm64, r-release-macos-x86_64, r-release-windows-x86_64, r-oldrel-macos-arm64, r-oldrel-macos-x86_64, r-oldrel-windows-x86_64
Version: 0.2.0
Check: dependencies in R code
Result: NOTE
Namespaces in Imports field not imported from:
‘blockCV’ ‘patchwork’
All declared Imports should be used.
Flavors: r-devel-linux-x86_64-fedora-clang, r-devel-linux-x86_64-fedora-gcc
These binaries (installable software) and packages are in development.
They may not be fully stable and should be used with caution. We make no claims about them.
Health stats visible at Monitor.