Last updated on 2025-10-31 09:50:17 CET.
| Flavor | Version | Tinstall | Tcheck | Ttotal | Status | Flags | 
|---|---|---|---|---|---|---|
| r-devel-linux-x86_64-debian-clang | 0.2.2 | 13.04 | 48.07 | 61.11 | NOTE | |
| r-devel-linux-x86_64-debian-gcc | 0.2.2 | 9.78 | 36.47 | 46.25 | NOTE | |
| r-devel-linux-x86_64-fedora-clang | 0.2.2 | 53.00 | 53.15 | 106.15 | OK | |
| r-devel-linux-x86_64-fedora-gcc | 0.2.2 | 29.00 | 81.16 | 110.16 | OK | |
| r-devel-windows-x86_64 | 0.2.2 | 19.00 | 76.00 | 95.00 | OK | |
| r-patched-linux-x86_64 | 0.2.2 | 13.15 | 45.38 | 58.53 | OK | |
| r-release-linux-x86_64 | 0.2.2 | 12.63 | 45.45 | 58.08 | OK | |
| r-release-macos-arm64 | 0.2.2 | 7.00 | 47.00 | 54.00 | OK | |
| r-release-macos-x86_64 | 0.2.2 | 10.00 | 54.00 | 64.00 | OK | |
| r-release-windows-x86_64 | 0.2.2 | 18.00 | 79.00 | 97.00 | OK | |
| r-oldrel-macos-arm64 | 0.2.2 | 6.00 | 29.00 | 35.00 | OK | |
| r-oldrel-macos-x86_64 | 0.2.2 | 10.00 | 43.00 | 53.00 | OK | |
| r-oldrel-windows-x86_64 | 0.2.2 | 23.00 | 99.00 | 122.00 | OK | 
Version: 0.2.2
Check: CRAN incoming feasibility
Result: NOTE
  Maintainer: ‘Tom Wilson <tpw2@aber.ac.uk>’
  
  Package CITATION file contains call(s) to old-style personList() or
  as.personList().  Please use c() on person objects instead.
  Package CITATION file contains call(s) to old-style citEntry().  Please
  use bibentry() instead.
  
  The Description field contains
    Melanie Ganz (2014) <arXiv:1410.2838>.  Methods for calculating the
  Please refer to arXiv e-prints via their arXiv DOI <doi:10.48550/arXiv.YYMM.NNNNN>.
Flavors: r-devel-linux-x86_64-debian-clang, r-devel-linux-x86_64-debian-gcc
These binaries (installable software) and packages are in development.
They may not be fully stable and should be used with caution. We make no claims about them.
Health stats visible at Monitor.