Last updated on 2025-05-15 07:49:39 CEST.
Flavor | Version | Tinstall | Tcheck | Ttotal | Status | Flags |
---|---|---|---|---|---|---|
r-devel-linux-x86_64-debian-clang | 0.8-90 | 8.24 | 32.48 | 40.72 | NOTE | |
r-devel-linux-x86_64-debian-gcc | 0.8-90 | 7.35 | 24.16 | 31.51 | NOTE | |
r-devel-linux-x86_64-fedora-clang | 0.8-90 | 63.37 | OK | |||
r-devel-linux-x86_64-fedora-gcc | 0.8-90 | 64.69 | OK | |||
r-devel-windows-x86_64 | 0.8-90 | 20.00 | 58.00 | 78.00 | OK | |
r-patched-linux-x86_64 | 0.8-90 | 8.83 | 31.12 | 39.95 | OK | |
r-release-linux-x86_64 | 0.8-90 | 10.93 | 31.77 | 42.70 | OK | |
r-release-macos-arm64 | 0.8-90 | 29.00 | OK | |||
r-release-macos-x86_64 | 0.8-90 | 49.00 | OK | |||
r-release-windows-x86_64 | 0.8-90 | 22.00 | 65.00 | 87.00 | OK | |
r-oldrel-macos-arm64 | 0.8-90 | 43.00 | OK | |||
r-oldrel-macos-x86_64 | 0.8-90 | 66.00 | OK | |||
r-oldrel-windows-x86_64 | 0.8-90 | 22.00 | 58.00 | 80.00 | OK |
Version: 0.8-90
Check: DESCRIPTION meta-information
Result: NOTE
Author field differs from that derived from Authors@R
Author: ‘R Core Team [aut, cph, cre] (02zz1nj61), Roger Bivand [ctb, cph], Vincent J. Carey [ctb, cph], Saikat DebRoy [ctb, cph], Stephen Eglen [ctb, cph], Rajarshi Guha [ctb, cph], Swetlana Herbrandt [ctb], Nicholas Lewin-Koh [ctb, cph], Mark Myatt [ctb, cph], Michael Nelson [ctb], Ben Pfaff [ctb], Brian Quistorff [ctb], Frank Warmerdam [ctb, cph], Stephen Weigand [ctb, cph], Free Software Foundation, Inc. [cph]’
Authors@R: ‘R Core Team [aut, cph, cre] (ROR: <https://ror.org/02zz1nj61>), Roger Bivand [ctb, cph], Vincent J. Carey [ctb, cph], Saikat DebRoy [ctb, cph], Stephen Eglen [ctb, cph], Rajarshi Guha [ctb, cph], Swetlana Herbrandt [ctb], Nicholas Lewin-Koh [ctb, cph], Mark Myatt [ctb, cph], Michael Nelson [ctb], Ben Pfaff [ctb], Brian Quistorff [ctb], Frank Warmerdam [ctb, cph], Stephen Weigand [ctb, cph], Free Software Foundation, Inc. [cph]’
Flavors: r-devel-linux-x86_64-debian-clang, r-devel-linux-x86_64-debian-gcc
These binaries (installable software) and packages are in development.
They may not be fully stable and should be used with caution. We make no claims about them.
Health stats visible at Monitor.