Last updated on 2025-05-17 17:49:20 CEST.
Flavor | Version | Tinstall | Tcheck | Ttotal | Status | Flags |
---|---|---|---|---|---|---|
r-devel-linux-x86_64-debian-clang | 0.1.6 | 9.34 | 84.36 | 93.70 | NOTE | |
r-devel-linux-x86_64-debian-gcc | 0.1.6 | 5.78 | 57.90 | 63.68 | NOTE | |
r-devel-linux-x86_64-fedora-clang | 0.1.6 | 145.03 | OK | |||
r-devel-linux-x86_64-fedora-gcc | 0.1.6 | 138.13 | OK | |||
r-devel-windows-x86_64 | 0.1.6 | 10.00 | 158.00 | 168.00 | OK | |
r-patched-linux-x86_64 | 0.1.6 | 9.44 | 82.91 | 92.35 | OK | |
r-release-linux-x86_64 | 0.1.6 | 8.41 | 83.32 | 91.73 | OK | |
r-release-macos-arm64 | 0.1.6 | 77.00 | OK | |||
r-release-macos-x86_64 | 0.1.6 | 128.00 | OK | |||
r-release-windows-x86_64 | 0.1.6 | 10.00 | 165.00 | 175.00 | OK | |
r-oldrel-macos-arm64 | 0.1.6 | 68.00 | OK | |||
r-oldrel-macos-x86_64 | 0.1.6 | 99.00 | OK | |||
r-oldrel-windows-x86_64 | 0.1.6 | 13.00 | 188.00 | 201.00 | OK |
Version: 0.1.6
Check: CRAN incoming feasibility
Result: NOTE
Maintainer: ‘Haeran Cho <haeran.cho@bristol.ac.uk>’
The Description field contains
methodology and Owens, Cho and Barigozzi (2024+) <arXiv:2301.11675>
Please refer to arXiv e-prints via their arXiv DOI <doi:10.48550/arXiv.YYMM.NNNNN>.
Flavors: r-devel-linux-x86_64-debian-clang, r-devel-linux-x86_64-debian-gcc
These binaries (installable software) and packages are in development.
They may not be fully stable and should be used with caution. We make no claims about them.
Health stats visible at Monitor.