CRAN Package Check Results for Package flood

Last updated on 2025-05-15 09:52:15 CEST.

Flavor Version Tinstall Tcheck Ttotal Status Flags
r-devel-linux-x86_64-debian-clang 0.1.1 8.79 71.36 80.15 NOTE
r-devel-linux-x86_64-debian-gcc 0.1.1 6.67 51.74 58.41 NOTE
r-devel-linux-x86_64-fedora-clang 0.1.1 124.33 OK
r-devel-linux-x86_64-fedora-gcc 0.1.1 114.26 OK
r-devel-windows-x86_64 0.1.1 11.00 81.00 92.00 OK
r-patched-linux-x86_64 0.1.1 8.31 68.44 76.75 OK
r-release-linux-x86_64 0.1.1 8.50 67.22 75.72 OK
r-release-macos-arm64 0.1.1 45.00 OK
r-release-macos-x86_64 0.1.1 72.00 OK
r-release-windows-x86_64 0.1.1 10.00 81.00 91.00 OK
r-oldrel-macos-arm64 0.1.1 32.00 OK
r-oldrel-macos-x86_64 0.1.1 58.00 OK
r-oldrel-windows-x86_64 0.1.1 13.00 100.00 113.00 OK

Check Details

Version: 0.1.1
Check: CRAN incoming feasibility
Result: NOTE Maintainer: ‘Friederike Deiters <deiters@statistik.tu-dortmund.de>’ The Description field contains see Kinsvater et al. (2017) <arXiv:1701.06455>. Please refer to arXiv e-prints via their arXiv DOI <doi:10.48550/arXiv.YYMM.NNNNN>. Flavors: r-devel-linux-x86_64-debian-clang, r-devel-linux-x86_64-debian-gcc

These binaries (installable software) and packages are in development.
They may not be fully stable and should be used with caution. We make no claims about them.
Health stats visible at Monitor.