Last updated on 2025-02-23 19:51:05 CET.
Flavor | Version | Tinstall | Tcheck | Ttotal | Status | Flags |
---|---|---|---|---|---|---|
r-devel-linux-x86_64-debian-clang | 0.0.2 | 41.39 | 79.52 | 120.91 | OK | |
r-devel-linux-x86_64-debian-gcc | 0.0.2 | 27.45 | 52.93 | 80.38 | OK | |
r-devel-linux-x86_64-fedora-clang | 0.0.2 | 190.57 | OK | |||
r-devel-linux-x86_64-fedora-gcc | 0.0.2 | 195.90 | OK | |||
r-devel-macos-x86_64 | 0.0.2 | 157.00 | OK | |||
r-patched-linux-x86_64 | 0.0.2 | 40.61 | 72.25 | 112.86 | OK | |
r-release-linux-x86_64 | 0.0.2 | 36.74 | 71.96 | 108.70 | OK | |
r-release-macos-x86_64 | 0.0.2 | 188.00 | NOTE | |||
r-release-windows-x86_64 | 0.0.1 | 93.00 | 162.00 | 255.00 | NOTE | |
r-oldrel-macos-x86_64 | 0.0.2 | 164.00 | NOTE | |||
r-oldrel-windows-x86_64 | 0.0.2 | 36.00 | 9.00 | 45.00 | ERROR |
Version: 0.0.2
Check: installed package size
Result: NOTE
installed size is 15.1Mb
sub-directories of 1Mb or more:
libs 14.3Mb
Flavors: r-release-macos-x86_64, r-oldrel-macos-x86_64
Version: 0.0.1
Check: installed package size
Result: NOTE
installed size is 8.8Mb
sub-directories of 1Mb or more:
libs 8.0Mb
Flavor: r-release-windows-x86_64
Version: 0.0.2
Check: whether package can be installed
Result: ERROR
Installation failed.
Flavor: r-oldrel-windows-x86_64
These binaries (installable software) and packages are in development.
They may not be fully stable and should be used with caution. We make no claims about them.
Health stats visible at Monitor.