Last updated on 2025-05-17 13:49:37 CEST.
Flavor | Version | Tinstall | Tcheck | Ttotal | Status | Flags |
---|---|---|---|---|---|---|
r-devel-linux-x86_64-debian-clang | 1.01-2 | 2.49 | 17.85 | 20.34 | NOTE | |
r-devel-linux-x86_64-debian-gcc | 1.01-2 | 2.05 | 14.83 | 16.88 | NOTE | |
r-devel-linux-x86_64-fedora-clang | 1.01-2 | 31.39 | NOTE | |||
r-devel-linux-x86_64-fedora-gcc | 1.01-2 | 29.88 | NOTE | |||
r-devel-windows-x86_64 | 1.01-2 | 6.00 | 37.00 | 43.00 | NOTE | |
r-patched-linux-x86_64 | 1.01-2 | 2.34 | 17.34 | 19.68 | NOTE | |
r-release-linux-x86_64 | 1.01-2 | 2.34 | 17.07 | 19.41 | NOTE | |
r-release-macos-arm64 | 1.01-2 | 16.00 | NOTE | |||
r-release-macos-x86_64 | 1.01-2 | 24.00 | NOTE | |||
r-release-windows-x86_64 | 1.01-2 | 7.00 | 42.00 | 49.00 | NOTE | |
r-oldrel-macos-arm64 | 1.01-2 | 20.00 | NOTE | |||
r-oldrel-macos-x86_64 | 1.01-2 | 26.00 | NOTE | |||
r-oldrel-windows-x86_64 | 1.01-2 | 4.00 | 38.00 | 42.00 | NOTE |
Version: 1.01-2
Check: CRAN incoming feasibility
Result: NOTE
Maintainer: ‘Peter Langfelder <Peter.Langfelder@gmail.com>’
No Authors@R field in DESCRIPTION.
Please add one, modifying
Authors@R: c(person(given = c("code", "by", "Fionn"),
family = "Murtagh",
role = "aut"),
person(given = c("R", "development"),
family = "team",
role = "aut"),
person(family = "modifications",
role = "aut"),
person(given = c("packaging", "by", "Peter"),
family = "Langfelder",
role = "aut"),
person(given = "Peter",
family = "Langfelder",
role = "cre",
email = "Peter.Langfelder@gmail.com"))
as necessary.
Package CITATION file contains call(s) to old-style personList() or
as.personList(). Please use c() on person objects instead.
Package CITATION file contains call(s) to old-style citEntry(). Please
use bibentry() instead.
Flavors: r-devel-linux-x86_64-debian-clang, r-devel-linux-x86_64-debian-gcc
Version: 1.01-2
Check: DESCRIPTION meta-information
Result: NOTE
Malformed Description field: should contain one or more complete sentences.
Flavors: r-devel-linux-x86_64-debian-clang, r-devel-linux-x86_64-debian-gcc, r-devel-linux-x86_64-fedora-clang, r-devel-linux-x86_64-fedora-gcc, r-devel-windows-x86_64, r-patched-linux-x86_64, r-release-linux-x86_64, r-release-macos-arm64, r-release-macos-x86_64, r-release-windows-x86_64, r-oldrel-macos-arm64, r-oldrel-macos-x86_64, r-oldrel-windows-x86_64
Version: 1.01-2
Check: Rd files
Result: NOTE
checkRd: (-1) flashClust.Rd:92: Escaped LaTeX specials: \&
Flavors: r-devel-linux-x86_64-debian-clang, r-devel-linux-x86_64-debian-gcc, r-devel-linux-x86_64-fedora-clang, r-devel-linux-x86_64-fedora-gcc, r-devel-windows-x86_64, r-patched-linux-x86_64, r-release-linux-x86_64, r-release-macos-arm64, r-release-macos-x86_64, r-release-windows-x86_64, r-oldrel-macos-arm64, r-oldrel-macos-x86_64, r-oldrel-windows-x86_64
Version: 1.01-2
Check: compiled code
Result: NOTE
File ‘flashClust/libs/flashClust.so’:
Found no calls to: ‘R_registerRoutines’, ‘R_useDynamicSymbols’
It is good practice to register native routines and to disable symbol
search.
See ‘Writing portable packages’ in the ‘Writing R Extensions’ manual.
Flavors: r-devel-linux-x86_64-fedora-clang, r-devel-linux-x86_64-fedora-gcc
These binaries (installable software) and packages are in development.
They may not be fully stable and should be used with caution. We make no claims about them.
Health stats visible at Monitor.