Last updated on 2025-05-17 13:49:37 CEST.
Flavor | Version | Tinstall | Tcheck | Ttotal | Status | Flags |
---|---|---|---|---|---|---|
r-devel-linux-x86_64-debian-clang | 0.1.0 | 43.94 | 143.53 | 187.47 | NOTE | |
r-devel-linux-x86_64-debian-gcc | 0.1.0 | 29.55 | 92.83 | 122.38 | NOTE | |
r-devel-linux-x86_64-fedora-clang | 0.1.0 | 311.56 | NOTE | |||
r-devel-linux-x86_64-fedora-gcc | 0.1.0 | 323.64 | NOTE | |||
r-devel-windows-x86_64 | 0.1.0 | 49.00 | 180.00 | 229.00 | NOTE | |
r-patched-linux-x86_64 | 0.1.0 | 43.10 | 133.35 | 176.45 | NOTE | |
r-release-linux-x86_64 | 0.1.0 | 40.79 | 134.23 | 175.02 | NOTE | |
r-release-macos-arm64 | 0.1.0 | 87.00 | NOTE | |||
r-release-macos-x86_64 | 0.1.0 | 183.00 | NOTE | |||
r-release-windows-x86_64 | 0.1.0 | 52.00 | 176.00 | 228.00 | NOTE | |
r-oldrel-macos-arm64 | 0.1.0 | 77.00 | NOTE | |||
r-oldrel-macos-x86_64 | 0.1.0 | 147.00 | NOTE | |||
r-oldrel-windows-x86_64 | 0.1.0 | 59.00 | 223.00 | 282.00 | NOTE |
Version: 0.1.0
Check: CRAN incoming feasibility
Result: NOTE
Maintainer: ‘Florian Lecocq <florian.lecocq@outlook.com>’
Package CITATION file contains call(s) to old-style personList() or
as.personList(). Please use c() on person objects instead.
Package CITATION file contains call(s) to old-style citEntry(). Please
use bibentry() instead.
Flavors: r-devel-linux-x86_64-debian-clang, r-devel-linux-x86_64-debian-gcc
Version: 0.1.0
Check: C++ specification
Result: NOTE
Specified C++11: please drop specification unless essential
Flavors: r-devel-linux-x86_64-debian-clang, r-devel-linux-x86_64-debian-gcc, r-devel-linux-x86_64-fedora-clang, r-devel-linux-x86_64-fedora-gcc, r-devel-windows-x86_64, r-patched-linux-x86_64, r-release-linux-x86_64, r-release-macos-arm64, r-release-macos-x86_64, r-release-windows-x86_64, r-oldrel-macos-arm64, r-oldrel-macos-x86_64, r-oldrel-windows-x86_64
Version: 0.1.0
Check: Rd files
Result: NOTE
checkRd: (-1) ModelMixHMM-class.Rd:31: Lost braces; missing escapes or markup?
31 | \code{smoothed} of class {StatMixHMM}).
| ^
checkRd: (-1) ModelMixHMMR-class.Rd:31: Lost braces; missing escapes or markup?
31 | \code{smoothed} of class {StatMixHMMR}).
| ^
Flavors: r-devel-linux-x86_64-debian-clang, r-devel-linux-x86_64-debian-gcc, r-devel-linux-x86_64-fedora-clang, r-devel-linux-x86_64-fedora-gcc, r-devel-windows-x86_64, r-patched-linux-x86_64, r-release-linux-x86_64, r-release-macos-arm64, r-release-macos-x86_64, r-release-windows-x86_64, r-oldrel-macos-arm64, r-oldrel-macos-x86_64, r-oldrel-windows-x86_64
Version: 0.1.0
Check: installed package size
Result: NOTE
installed size is 7.8Mb
sub-directories of 1Mb or more:
doc 1.9Mb
help 2.3Mb
libs 3.2Mb
Flavors: r-oldrel-macos-arm64, r-oldrel-macos-x86_64, r-oldrel-windows-x86_64
These binaries (installable software) and packages are in development.
They may not be fully stable and should be used with caution. We make no claims about them.
Health stats visible at Monitor.