Last updated on 2025-10-31 09:50:17 CET.
| Flavor | Version | Tinstall | Tcheck | Ttotal | Status | Flags | 
|---|---|---|---|---|---|---|
| r-devel-linux-x86_64-debian-clang | 1.8 | 13.50 | 134.60 | 148.10 | NOTE | |
| r-devel-linux-x86_64-debian-gcc | 1.8 | 8.95 | 93.72 | 102.67 | NOTE | |
| r-devel-linux-x86_64-fedora-clang | 1.8 | 64.00 | 174.96 | 238.96 | NOTE | |
| r-devel-linux-x86_64-fedora-gcc | 1.8 | 32.00 | 196.36 | 228.36 | NOTE | |
| r-devel-windows-x86_64 | 1.8 | 15.00 | 132.00 | 147.00 | NOTE | |
| r-patched-linux-x86_64 | 1.8 | 14.04 | 124.48 | 138.52 | NOTE | |
| r-release-linux-x86_64 | 1.8 | 13.57 | 124.58 | 138.15 | NOTE | |
| r-release-macos-arm64 | 1.8 | 7.00 | 81.00 | 88.00 | NOTE | |
| r-release-macos-x86_64 | 1.8 | 16.00 | 158.00 | 174.00 | NOTE | |
| r-release-windows-x86_64 | 1.8 | 16.00 | 134.00 | 150.00 | NOTE | |
| r-oldrel-macos-arm64 | 1.8 | 5.00 | 49.00 | 54.00 | NOTE | |
| r-oldrel-macos-x86_64 | 1.8 | 15.00 | 83.00 | 98.00 | NOTE | |
| r-oldrel-windows-x86_64 | 1.8 | 20.00 | 173.00 | 193.00 | NOTE | 
Version: 1.8
Check: CRAN incoming feasibility
Result: NOTE
  Maintainer: ‘Pascal Kerschke <kerschke@uni-muenster.de>’
  
  Found the following URLs which should use \doi (with the DOI name only):
    File ‘features.Rd’:
      http://dx.doi.org/10.1007/978-3-319-07494-8_9
      http://dx.doi.org/10.1145/2739480.2754642
      http://dx.doi.org/10.1145/1143997.1144085
      http://dx.doi.org/10.1145/2001576.2001690
      http://dx.doi.org/10.1109/TEVC.2014.2302006
    File ‘plotCellMapping.Rd’:
      http://dx.doi.org/10.1007/978-3-319-07494-8_9
    File ‘plotInformationContent.Rd’:
      http://dx.doi.org/10.1109/TEVC.2014.2302006
Flavors: r-devel-linux-x86_64-debian-clang, r-devel-linux-x86_64-debian-gcc
Version: 1.8
Check: Rd files
Result: NOTE
  checkRd: (-1) convertInitDesignToGrid.Rd:11: Lost braces; missing escapes or markup?
      11 | The initial design, consisting of \code{d + 1} columns ({d} dimensions and
         |                                                         ^
Flavors: r-devel-linux-x86_64-debian-clang, r-devel-linux-x86_64-debian-gcc, r-devel-linux-x86_64-fedora-clang, r-devel-linux-x86_64-fedora-gcc, r-devel-windows-x86_64, r-patched-linux-x86_64, r-release-linux-x86_64, r-release-macos-arm64, r-release-macos-x86_64, r-release-windows-x86_64, r-oldrel-macos-arm64, r-oldrel-macos-x86_64, r-oldrel-windows-x86_64
These binaries (installable software) and packages are in development.
They may not be fully stable and should be used with caution. We make no claims about them.
Health stats visible at Monitor.