Last updated on 2025-02-23 19:51:05 CET.
Flavor | Version | Tinstall | Tcheck | Ttotal | Status | Flags |
---|---|---|---|---|---|---|
r-devel-linux-x86_64-debian-clang | 0.1.8 | 2.01 | 20.79 | 22.80 | OK | --no-vignettes |
r-devel-linux-x86_64-debian-gcc | 0.1.8 | 1.50 | 16.69 | 18.19 | OK | --no-vignettes |
r-devel-linux-x86_64-fedora-clang | 0.1.8 | 40.07 | OK | --no-vignettes | ||
r-devel-linux-x86_64-fedora-gcc | 0.1.8 | 36.89 | OK | --no-vignettes | ||
r-devel-macos-arm64 | 0.1.8 | 23.00 | ERROR | |||
r-devel-macos-x86_64 | 0.1.8 | 43.00 | ERROR | |||
r-devel-windows-x86_64 | 0.1.8 | 3.00 | 57.00 | 60.00 | OK | --no-vignettes |
r-patched-linux-x86_64 | 0.1.8 | 2.02 | 19.75 | 21.77 | NOTE | --no-vignettes |
r-release-linux-x86_64 | 0.1.8 | 1.93 | 19.96 | 21.89 | NOTE | --no-vignettes |
r-release-macos-arm64 | 0.1.8 | 29.00 | ERROR | |||
r-release-macos-x86_64 | 0.1.8 | 55.00 | ERROR | |||
r-release-windows-x86_64 | 0.1.8 | 3.00 | 64.00 | 67.00 | NOTE | --no-vignettes |
r-oldrel-macos-arm64 | 0.1.8 | 22.00 | ERROR | |||
r-oldrel-macos-x86_64 | 0.1.8 | 39.00 | ERROR | |||
r-oldrel-windows-x86_64 | 0.1.8 | 4.00 | 48.00 | 52.00 | NOTE | --no-vignettes |
Version: 0.1.8
Check: re-building of vignette outputs
Result: ERROR
Error(s) in re-building vignettes:
--- re-building ‘fitbitScraper-examples.Rmd’ using rmarkdown
Quitting from lines 22-24 [unnamed-chunk-1] (fitbitScraper-examples.Rmd)
Error: processing vignette 'fitbitScraper-examples.Rmd' failed with diagnostics:
login failed
--- failed re-building ‘fitbitScraper-examples.Rmd’
SUMMARY: processing the following file failed:
‘fitbitScraper-examples.Rmd’
Error: Vignette re-building failed.
Execution halted
Flavors: r-devel-macos-arm64, r-devel-macos-x86_64, r-release-macos-arm64, r-release-macos-x86_64
Version: 0.1.8
Flags: --no-vignettes
Check: LazyData
Result: NOTE
'LazyData' is specified without a 'data' directory
Flavors: r-patched-linux-x86_64, r-release-linux-x86_64, r-release-windows-x86_64, r-oldrel-windows-x86_64
Version: 0.1.8
Check: LazyData
Result: NOTE
'LazyData' is specified without a 'data' directory
Flavors: r-release-macos-arm64, r-release-macos-x86_64, r-oldrel-macos-arm64, r-oldrel-macos-x86_64
Version: 0.1.8
Check: re-building of vignette outputs
Result: ERROR
Error(s) in re-building vignettes:
...
--- re-building ‘fitbitScraper-examples.Rmd’ using rmarkdown
Quitting from lines 22-24 (fitbitScraper-examples.Rmd)
Error: processing vignette 'fitbitScraper-examples.Rmd' failed with diagnostics:
login failed
--- failed re-building ‘fitbitScraper-examples.Rmd’
SUMMARY: processing the following file failed:
‘fitbitScraper-examples.Rmd’
Error: Vignette re-building failed.
Execution halted
Flavor: r-oldrel-macos-arm64
Version: 0.1.8
Check: re-building of vignette outputs
Result: ERROR
Error(s) in re-building vignettes:
...
--- re-building ‘fitbitScraper-examples.Rmd’ using rmarkdown
Pandoc is required to build R Markdown vignettes but not available. Please make sure it is installed.
Quitting from lines 22-24 (fitbitScraper-examples.Rmd)
Error: processing vignette 'fitbitScraper-examples.Rmd' failed with diagnostics:
login failed
--- failed re-building ‘fitbitScraper-examples.Rmd’
SUMMARY: processing the following file failed:
‘fitbitScraper-examples.Rmd’
Error: Vignette re-building failed.
Execution halted
Flavor: r-oldrel-macos-x86_64
These binaries (installable software) and packages are in development.
They may not be fully stable and should be used with caution. We make no claims about them.
Health stats visible at Monitor.