Last updated on 2025-02-02 07:50:10 CET.
Flavor | Version | Tinstall | Tcheck | Ttotal | Status | Flags |
---|---|---|---|---|---|---|
r-devel-linux-x86_64-debian-clang | 1.2.1 | 2.29 | 23.89 | 26.18 | NOTE | |
r-devel-linux-x86_64-debian-gcc | 1.2.1 | 1.89 | 17.60 | 19.49 | NOTE | |
r-devel-linux-x86_64-fedora-clang | 1.2.1 | 43.09 | NOTE | |||
r-devel-linux-x86_64-fedora-gcc | 1.2.1 | 39.63 | NOTE | |||
r-devel-windows-x86_64 | 1.2.1 | 3.00 | 57.00 | 60.00 | NOTE | |
r-patched-linux-x86_64 | 1.2.1 | 2.77 | 22.46 | 25.23 | NOTE | |
r-release-linux-x86_64 | 1.2.1 | 2.23 | 22.69 | 24.92 | NOTE | |
r-release-macos-arm64 | 1.2.1 | 17.00 | NOTE | |||
r-release-macos-x86_64 | 1.2.1 | 25.00 | NOTE | |||
r-release-windows-x86_64 | 1.2.1 | 4.00 | 52.00 | 56.00 | NOTE | |
r-oldrel-macos-arm64 | 1.2.1 | 19.00 | OK | |||
r-oldrel-macos-x86_64 | 1.2.1 | 43.00 | OK | |||
r-oldrel-windows-x86_64 | 1.2.1 | 3.00 | 54.00 | 57.00 | OK |
Version: 1.2.1
Check: Rd files
Result: NOTE
checkRd: (-1) fitConic.Rd:66-73: Lost braces
66 | \code{parA }{vector of the six "ABCDEF" coefficients
| ^
checkRd: (-1) fitConic.Rd:67: Lost braces
67 | \code{RSS }{'root sum square' figure of merit describing the relative fit quality}
| ^
checkRd: (-1) fitConic.Rd:68: Lost braces
68 | \code{iters }{number of iterations at convergence}
| ^
checkRd: (-1) fitConic.Rd:69-71: Lost braces
69 | \code{exitCode }{1 means ellipse, 2 means hyperbola, 3 means parabola.
| ^
checkRd: (-1) rotateA.Rd:59: Lost braces; missing escapes or markup?
59 | For \code{xyrot} {a Nx2 array of the x,y coordinates of the rotated data set. }
| ^
Flavors: r-devel-linux-x86_64-debian-clang, r-devel-linux-x86_64-debian-gcc, r-devel-linux-x86_64-fedora-clang, r-devel-linux-x86_64-fedora-gcc, r-devel-windows-x86_64, r-patched-linux-x86_64, r-release-linux-x86_64, r-release-macos-arm64, r-release-macos-x86_64, r-release-windows-x86_64
These binaries (installable software) and packages are in development.
They may not be fully stable and should be used with caution. We make no claims about them.
Health stats visible at Monitor.