CRAN Package Check Results for Package fetwfe

Last updated on 2025-05-17 15:50:42 CEST.

Flavor Version Tinstall Tcheck Ttotal Status Flags
r-devel-linux-x86_64-debian-clang 1.0.0 10.39 99.27 109.66 OK
r-devel-linux-x86_64-debian-gcc 1.0.0 7.34 72.85 80.19 OK
r-devel-linux-x86_64-fedora-clang 1.0.0 173.78 OK
r-devel-linux-x86_64-fedora-gcc 1.0.0 184.24 OK
r-devel-windows-x86_64 0.4.4 8.00 100.00 108.00 OK
r-patched-linux-x86_64 0.4.4 7.97 92.60 100.57 OK
r-release-linux-x86_64 0.4.4 8.63 92.16 100.79 OK
r-release-macos-arm64 1.0.0 65.00 OK
r-release-macos-x86_64 1.0.0 181.00 NOTE
r-release-windows-x86_64 1.0.0 14.00 120.00 134.00 OK
r-oldrel-macos-arm64 1.0.0 57.00 OK
r-oldrel-macos-x86_64 1.0.0 147.00 OK
r-oldrel-windows-x86_64 0.4.4 11.00 133.00 144.00 OK

Check Details

Version: 1.0.0
Check: Rd metadata
Result: NOTE Fatal error: cannot create 'R_TempDir' Flavor: r-release-macos-x86_64

These binaries (installable software) and packages are in development.
They may not be fully stable and should be used with caution. We make no claims about them.
Health stats visible at Monitor.