CRAN Package Check Results for Package fechner

Last updated on 2025-05-17 19:51:51 CEST.

Flavor Version Tinstall Tcheck Ttotal Status Flags
r-devel-linux-x86_64-debian-clang 1.0-3 3.01 29.24 32.25 NOTE
r-devel-linux-x86_64-debian-gcc 1.0-3 2.30 22.87 25.17 NOTE
r-devel-linux-x86_64-fedora-clang 1.0-3 50.70 NOTE
r-devel-linux-x86_64-fedora-gcc 1.0-3 49.38 NOTE
r-devel-windows-x86_64 1.0-3 5.00 56.00 61.00 NOTE
r-patched-linux-x86_64 1.0-3 3.70 27.63 31.33 NOTE
r-release-linux-x86_64 1.0-3 2.83 28.09 30.92 NOTE
r-release-macos-arm64 1.0-3 21.00 NOTE
r-release-macos-x86_64 1.0-3 34.00 NOTE
r-release-windows-x86_64 1.0-3 6.00 61.00 67.00 NOTE
r-oldrel-macos-arm64 1.0-3 19.00 NOTE
r-oldrel-macos-x86_64 1.0-3 29.00 NOTE
r-oldrel-windows-x86_64 1.0-3 5.00 55.00 60.00 NOTE

Check Details

Version: 1.0-3
Check: CRAN incoming feasibility
Result: NOTE Maintainer: ‘Ali Uenlue <ali.uenlue@tum.de>’ Package CITATION file contains call(s) to old-style personList() or as.personList(). Please use c() on person objects instead. Package CITATION file contains call(s) to old-style citEntry(). Please use bibentry() instead. Flavors: r-devel-linux-x86_64-debian-clang, r-devel-linux-x86_64-debian-gcc

Version: 1.0-3
Check: Rd files
Result: NOTE checkRd: (-1) morse.Rd:40: Escaped LaTeX specials: \# checkRd: (-1) noRegMin.Rd:23: Escaped LaTeX specials: \# checkRd: (-1) noRegMin.Rd:24: Escaped LaTeX specials: \# checkRd: (-1) regMin.Rd:24: Escaped LaTeX specials: \# Flavors: r-devel-linux-x86_64-debian-clang, r-devel-linux-x86_64-debian-gcc, r-devel-linux-x86_64-fedora-clang, r-devel-linux-x86_64-fedora-gcc, r-devel-windows-x86_64, r-patched-linux-x86_64, r-release-linux-x86_64, r-release-macos-arm64, r-release-macos-x86_64, r-release-windows-x86_64, r-oldrel-macos-arm64, r-oldrel-macos-x86_64, r-oldrel-windows-x86_64

Version: 1.0-3
Check: compiled code
Result: NOTE File ‘fechner/libs/fechner.so’: Found no calls to: ‘R_registerRoutines’, ‘R_useDynamicSymbols’ It is good practice to register native routines and to disable symbol search. See ‘Writing portable packages’ in the ‘Writing R Extensions’ manual. Flavors: r-devel-linux-x86_64-fedora-clang, r-devel-linux-x86_64-fedora-gcc

These binaries (installable software) and packages are in development.
They may not be fully stable and should be used with caution. We make no claims about them.
Health stats visible at Monitor.