Last updated on 2024-05-02 06:11:48 CEST.
Flavor | Version | Tinstall | Tcheck | Ttotal | Status | Flags |
---|---|---|---|---|---|---|
r-devel-linux-x86_64-debian-clang | 0.3.2 | 12.11 | 179.97 | 192.08 | NOTE | |
r-devel-linux-x86_64-debian-gcc | 0.3.2 | 9.90 | 128.74 | 138.64 | OK | |
r-devel-linux-x86_64-fedora-clang | 0.3.2 | 238.45 | OK | |||
r-devel-linux-x86_64-fedora-gcc | 0.3.2 | 259.12 | OK | |||
r-devel-windows-x86_64 | 0.3.2 | 13.00 | 139.00 | 152.00 | OK | |
r-patched-linux-x86_64 | 0.3.2 | 7.77 | 174.52 | 182.29 | OK | |
r-release-linux-x86_64 | 0.3.2 | 8.08 | 170.10 | 178.18 | OK | |
r-release-macos-arm64 | 0.3.2 | 56.00 | OK | |||
r-release-macos-x86_64 | 0.3.2 | 189.00 | OK | |||
r-release-windows-x86_64 | 0.3.2 | 13.00 | 139.00 | 152.00 | OK | |
r-oldrel-macos-arm64 | 0.3.2 | 68.00 | OK | |||
r-oldrel-macos-x86_64 | 0.3.2 | 167.00 | OK | |||
r-oldrel-windows-x86_64 | 0.3.2 | 15.00 | 175.00 | 190.00 | OK |
Version: 0.3.2
Check: dependencies in R code
Result: NOTE
Fortran STOP
IEEE arithmetic exceptions signaled: INEXACT
Flavor: r-devel-linux-x86_64-debian-clang
These binaries (installable software) and packages are in development.
They may not be fully stable and should be used with caution. We make no claims about them.
Health stats visible at Monitor.