Last updated on 2025-02-23 15:49:42 CET.
Flavor | Version | Tinstall | Tcheck | Ttotal | Status | Flags |
---|---|---|---|---|---|---|
r-devel-linux-x86_64-debian-clang | 2.3.6 | 79.11 | 181.50 | 260.61 | OK | |
r-devel-linux-x86_64-debian-gcc | 2.3.6 | 57.31 | 110.89 | 168.20 | OK | |
r-devel-linux-x86_64-fedora-clang | 2.3.6 | 466.28 | OK | |||
r-devel-linux-x86_64-fedora-gcc | 2.3.6 | 487.69 | OK | |||
r-devel-macos-arm64 | 2.3.5 | 89.00 | OK | |||
r-devel-macos-x86_64 | 2.3.6 | 165.00 | OK | |||
r-devel-windows-x86_64 | 2.3.5 | 84.00 | 204.00 | 288.00 | OK | |
r-patched-linux-x86_64 | 2.3.6 | 85.40 | 172.64 | 258.04 | OK | |
r-release-linux-x86_64 | 2.3.6 | 76.14 | 172.99 | 249.13 | OK | |
r-release-macos-arm64 | 2.3.5 | 97.00 | NOTE | |||
r-release-macos-x86_64 | 2.3.6 | 183.00 | NOTE | |||
r-release-windows-x86_64 | 2.3.6 | 82.00 | 207.00 | 289.00 | NOTE | |
r-oldrel-macos-arm64 | 2.3.4 | 100.00 | NOTE | |||
r-oldrel-macos-x86_64 | 2.3.6 | 190.00 | NOTE | |||
r-oldrel-windows-x86_64 | 2.3.6 | 107.00 | 257.00 | 364.00 | NOTE |
Version: 2.3.5
Check: installed package size
Result: NOTE
installed size is 8.6Mb
sub-directories of 1Mb or more:
data 2.3Mb
libs 4.8Mb
Flavor: r-release-macos-arm64
Version: 2.3.6
Check: installed package size
Result: NOTE
installed size is 8.8Mb
sub-directories of 1Mb or more:
data 2.3Mb
libs 5.0Mb
Flavors: r-release-macos-x86_64, r-release-windows-x86_64, r-oldrel-macos-x86_64, r-oldrel-windows-x86_64
Version: 2.3.4
Check: installed package size
Result: NOTE
installed size is 8.3Mb
sub-directories of 1Mb or more:
data 2.3Mb
libs 4.5Mb
Flavor: r-oldrel-macos-arm64
These binaries (installable software) and packages are in development.
They may not be fully stable and should be used with caution. We make no claims about them.
Health stats visible at Monitor.