Last updated on 2024-05-02 13:49:56 CEST.
Flavor | Version | Tinstall | Tcheck | Ttotal | Status | Flags |
---|---|---|---|---|---|---|
r-devel-linux-x86_64-debian-clang | 0.5.9 | 356.74 | 233.36 | 590.10 | NOTE | |
r-devel-linux-x86_64-debian-gcc | 0.5.9 | 289.19 | 181.29 | 470.48 | NOTE | |
r-devel-linux-x86_64-fedora-clang | 0.5.9 | 793.80 | NOTE | |||
r-devel-linux-x86_64-fedora-gcc | 0.5.9 | 856.08 | NOTE | |||
r-devel-windows-x86_64 | 0.5.9 | 232.00 | 197.00 | 429.00 | NOTE | |
r-patched-linux-x86_64 | 0.5.9 | 282.21 | 236.68 | 518.89 | NOTE | |
r-release-linux-x86_64 | 0.5.9 | 265.11 | 240.10 | 505.21 | NOTE | |
r-release-macos-arm64 | 0.5.9 | 181.00 | NOTE | |||
r-release-windows-x86_64 | 0.5.9 | 260.00 | 198.00 | 458.00 | NOTE | |
r-oldrel-macos-arm64 | 0.5.9 | 192.00 | NOTE | |||
r-oldrel-macos-x86_64 | 0.5.9 | 332.00 | NOTE | |||
r-oldrel-windows-x86_64 | 0.5.9 | 315.00 | 235.00 | 550.00 | OK |
Version: 0.5.9
Check: Rd files
Result: NOTE
checkRd: (-1) MakeGPFunctionalData.Rd:33: Lost braces; missing escapes or markup?
33 | Y: X(t_{j}), Yn: noisy observations
| ^
checkRd: (-1) NormCurvToArea.Rd:20: Lost braces
20 | Normalise a curve such that \\int{yNew}dx = area (according to trapezoid integration)
| ^
checkRd: (-1) NormCurvToArea.Rd:17: Lost braces
17 | yNew values of curve at times x such that [\\int{yNew}dx = area]
| ^
Flavors: r-devel-linux-x86_64-debian-clang, r-devel-linux-x86_64-debian-gcc, r-devel-linux-x86_64-fedora-clang, r-devel-linux-x86_64-fedora-gcc, r-devel-windows-x86_64, r-patched-linux-x86_64, r-release-linux-x86_64, r-release-macos-arm64, r-release-windows-x86_64
Version: 0.5.9
Check: installed package size
Result: NOTE
installed size is 40.2Mb
sub-directories of 1Mb or more:
libs 38.5Mb
Flavors: r-release-macos-arm64, r-oldrel-macos-arm64, r-oldrel-macos-x86_64
These binaries (installable software) and packages are in development.
They may not be fully stable and should be used with caution. We make no claims about them.
Health stats visible at Monitor.