Last updated on 2025-05-17 15:50:42 CEST.
Flavor | Version | Tinstall | Tcheck | Ttotal | Status | Flags |
---|---|---|---|---|---|---|
r-devel-linux-x86_64-debian-clang | 1.0.2 | 44.83 | 58.84 | 103.67 | OK | |
r-devel-linux-x86_64-debian-gcc | 2.0.0 | 37.31 | 41.06 | 78.37 | OK | |
r-devel-linux-x86_64-fedora-clang | 2.0.0 | 160.39 | OK | |||
r-devel-linux-x86_64-fedora-gcc | 2.0.0 | 157.17 | OK | |||
r-devel-windows-x86_64 | 1.0.2 | 49.00 | 76.00 | 125.00 | OK | |
r-patched-linux-x86_64 | 1.0.2 | 45.59 | 54.26 | 99.85 | OK | |
r-release-linux-x86_64 | 1.0.2 | 43.15 | 54.26 | 97.41 | OK | |
r-release-macos-arm64 | 2.0.0 | 65.00 | OK | |||
r-release-macos-x86_64 | 2.0.0 | 118.00 | ERROR | |||
r-release-windows-x86_64 | 2.0.0 | 36.00 | 84.00 | 120.00 | OK | |
r-oldrel-macos-arm64 | 2.0.0 | 63.00 | NOTE | |||
r-oldrel-macos-x86_64 | 2.0.0 | 116.00 | NOTE | |||
r-oldrel-windows-x86_64 | 1.0.2 | 60.00 | 84.00 | 144.00 | NOTE |
Version: 2.0.0
Check: PDF version of manual
Result: WARN
LaTeX errors when creating PDF version.
This typically indicates Rd problems.
Flavor: r-release-macos-x86_64
Version: 2.0.0
Check: PDF version of manual without index
Result: ERROR
Flavor: r-release-macos-x86_64
Version: 2.0.0
Check: installed package size
Result: NOTE
installed size is 16.8Mb
sub-directories of 1Mb or more:
data 16.7Mb
Flavors: r-oldrel-macos-arm64, r-oldrel-macos-x86_64
Version: 1.0.2
Check: installed package size
Result: NOTE
installed size is 15.8Mb
sub-directories of 1Mb or more:
data 15.7Mb
Flavor: r-oldrel-windows-x86_64
These binaries (installable software) and packages are in development.
They may not be fully stable and should be used with caution. We make no claims about them.
Health stats visible at Monitor.