Last updated on 2025-11-02 23:49:37 CET.
| Flavor | Version | Tinstall | Tcheck | Ttotal | Status | Flags |
|---|---|---|---|---|---|---|
| r-devel-linux-x86_64-debian-clang | 1.0 | 107.89 | 32.71 | 140.60 | NOTE | |
| r-devel-linux-x86_64-debian-gcc | 1.0 | 63.59 | 25.64 | 89.23 | NOTE | |
| r-devel-linux-x86_64-fedora-clang | 1.0 | 127.00 | 151.23 | 278.23 | NOTE | |
| r-devel-linux-x86_64-fedora-gcc | 1.0 | 414.00 | -166.01 | 247.99 | NOTE | |
| r-devel-windows-x86_64 | 1.0 | 119.00 | 75.00 | 194.00 | OK | |
| r-patched-linux-x86_64 | 1.0 | 102.15 | 31.14 | 133.29 | OK | |
| r-release-linux-x86_64 | 1.0 | 102.52 | 31.10 | 133.62 | OK | |
| r-release-macos-arm64 | 1.0 | 35.00 | 21.00 | 56.00 | OK | |
| r-release-macos-x86_64 | 1.0 | 32.00 | 33.00 | 65.00 | OK | |
| r-release-windows-x86_64 | 1.0 | 110.00 | 75.00 | 185.00 | OK | |
| r-oldrel-macos-arm64 | 1.0 | 37.00 | 19.00 | 56.00 | NOTE | |
| r-oldrel-macos-x86_64 | 1.0 | 30.00 | 29.00 | 59.00 | NOTE | |
| r-oldrel-windows-x86_64 | 1.0 | 140.00 | 92.00 | 232.00 | OK |
Version: 1.0
Check: Rd files
Result: NOTE
checkRd: (-1) Hitters.Rd:9-50: Only 3 columns allowed in this table (row 2 has 2)
checkRd: (-1) Hitters.Rd:9-50: Only 3 columns allowed in this table (row 4 has 2)
checkRd: (-1) Hitters.Rd:9-50: Only 3 columns allowed in this table (row 6 has 2)
checkRd: (-1) Hitters.Rd:9-50: Only 3 columns allowed in this table (row 8 has 2)
checkRd: (-1) Hitters.Rd:9-50: Only 3 columns allowed in this table (row 10 has 2)
checkRd: (-1) Hitters.Rd:9-50: Only 3 columns allowed in this table (row 12 has 2)
checkRd: (-1) Hitters.Rd:9-50: Only 3 columns allowed in this table (row 14 has 2)
checkRd: (-1) Hitters.Rd:9-50: Only 3 columns allowed in this table (row 16 has 2)
checkRd: (-1) Hitters.Rd:9-50: Only 3 columns allowed in this table (row 18 has 2)
checkRd: (-1) Hitters.Rd:9-50: Only 3 columns allowed in this table (row 20 has 2)
checkRd: (-1) Hitters.Rd:9-50: Only 3 columns allowed in this table (row 22 has 2)
checkRd: (-1) Hitters.Rd:9-50: Only 3 columns allowed in this table (row 24 has 2)
checkRd: (-1) Hitters.Rd:9-50: Only 3 columns allowed in this table (row 26 has 2)
checkRd: (-1) Hitters.Rd:9-50: Only 3 columns allowed in this table (row 28 has 2)
checkRd: (-1) Hitters.Rd:9-50: Only 3 columns allowed in this table (row 30 has 2)
checkRd: (-1) Hitters.Rd:9-50: Only 3 columns allowed in this table (row 32 has 2)
checkRd: (-1) Hitters.Rd:9-50: Only 3 columns allowed in this table (row 34 has 2)
checkRd: (-1) Hitters.Rd:9-50: Only 3 columns allowed in this table (row 36 has 2)
checkRd: (-1) Hitters.Rd:9-50: Only 3 columns allowed in this table (row 38 has 2)
checkRd: (-1) Hitters.Rd:9-50: Only 3 columns allowed in this table (row 40 has 2)
Flavors: r-devel-linux-x86_64-debian-clang, r-devel-linux-x86_64-debian-gcc, r-devel-linux-x86_64-fedora-clang, r-devel-linux-x86_64-fedora-gcc
Version: 1.0
Check: installed package size
Result: NOTE
installed size is 5.7Mb
sub-directories of 1Mb or more:
libs 5.6Mb
Flavors: r-oldrel-macos-arm64, r-oldrel-macos-x86_64
These binaries (installable software) and packages are in development.
They may not be fully stable and should be used with caution. We make no claims about them.
Health stats visible at Monitor.