CRAN Package Check Results for Package fastglmpca

Last updated on 2025-05-17 15:50:42 CEST.

Flavor Version Tinstall Tcheck Ttotal Status Flags
r-devel-linux-x86_64-debian-clang 0.1-108 66.96 188.07 255.03 OK
r-devel-linux-x86_64-debian-gcc 0.1-108 50.49 120.30 170.79 OK
r-devel-linux-x86_64-fedora-clang 0.1-108 426.41 OK
r-devel-linux-x86_64-fedora-gcc 0.1-108 432.56 OK
r-devel-windows-x86_64 0.1-108 72.00 193.00 265.00 OK
r-patched-linux-x86_64 0.1-108 62.26 178.04 240.30 OK
r-release-linux-x86_64 0.1-108 62.56 178.08 240.64 OK
r-release-macos-arm64 0.1-108 129.00 OK
r-release-macos-x86_64 0.1-108 259.00 OK
r-release-windows-x86_64 0.1-108 74.00 196.00 270.00 OK
r-oldrel-macos-arm64 0.1-108 109.00 NOTE
r-oldrel-macos-x86_64 0.1-108 272.00 NOTE
r-oldrel-windows-x86_64 0.1-108 93.00 258.00 351.00 NOTE

Check Details

Version: 0.1-108
Check: installed package size
Result: NOTE installed size is 8.4Mb sub-directories of 1Mb or more: data 4.5Mb doc 1.0Mb libs 2.8Mb Flavors: r-oldrel-macos-arm64, r-oldrel-macos-x86_64, r-oldrel-windows-x86_64

Version: 0.1-108
Check: for GNU extensions in Makefiles
Result: NOTE GNU make is a SystemRequirements. Flavors: r-oldrel-macos-arm64, r-oldrel-macos-x86_64, r-oldrel-windows-x86_64

These binaries (installable software) and packages are in development.
They may not be fully stable and should be used with caution. We make no claims about them.
Health stats visible at Monitor.