Last updated on 2025-02-23 19:51:04 CET.
Flavor | Version | Tinstall | Tcheck | Ttotal | Status | Flags |
---|---|---|---|---|---|---|
r-devel-linux-x86_64-debian-clang | 1.0.0 | 6.67 | 72.88 | 79.55 | NOTE | |
r-devel-linux-x86_64-debian-gcc | 1.0.0 | 4.21 | 51.24 | 55.45 | NOTE | |
r-devel-linux-x86_64-fedora-clang | 1.0.0 | 131.44 | NOTE | |||
r-devel-linux-x86_64-fedora-gcc | 1.0.0 | 128.40 | NOTE | |||
r-devel-macos-arm64 | 1.0.0 | 43.00 | NOTE | |||
r-devel-macos-x86_64 | 1.0.0 | 83.00 | NOTE | |||
r-devel-windows-x86_64 | 1.0.0 | 8.00 | 92.00 | 100.00 | NOTE | |
r-patched-linux-x86_64 | 1.0.0 | 6.15 | 94.17 | 100.32 | NOTE | |
r-release-linux-x86_64 | 1.0.0 | 5.74 | 91.98 | 97.72 | NOTE | |
r-release-macos-arm64 | 1.0.0 | 51.00 | NOTE | |||
r-release-macos-x86_64 | 1.0.0 | 91.00 | NOTE | |||
r-release-windows-x86_64 | 1.0.0 | 9.00 | 125.00 | 134.00 | NOTE | |
r-oldrel-macos-arm64 | 1.0.0 | 53.00 | OK | |||
r-oldrel-macos-x86_64 | 1.0.0 | 134.00 | OK | |||
r-oldrel-windows-x86_64 | 1.0.0 | 9.00 | 123.00 | 132.00 | OK |
Version: 1.0.0
Check: Rd files
Result: NOTE
checkRd: (-1) fra_sf.Rd:22: Lost braces; missing escapes or markup?
22 | A map of France as {sf} object. Can be used as dataset or for maps
| ^
Flavors: r-devel-linux-x86_64-debian-clang, r-devel-linux-x86_64-debian-gcc, r-devel-linux-x86_64-fedora-clang, r-devel-linux-x86_64-fedora-gcc, r-devel-macos-arm64, r-devel-macos-x86_64, r-devel-windows-x86_64, r-patched-linux-x86_64, r-release-linux-x86_64, r-release-macos-arm64, r-release-macos-x86_64, r-release-windows-x86_64
These binaries (installable software) and packages are in development.
They may not be fully stable and should be used with caution. We make no claims about them.
Health stats visible at Monitor.