CRAN Package Check Results for Package fairmodels

Last updated on 2025-05-15 09:52:15 CEST.

Flavor Version Tinstall Tcheck Ttotal Status Flags
r-devel-linux-x86_64-debian-clang 1.2.1 8.72 239.73 248.45 NOTE
r-devel-linux-x86_64-debian-gcc 1.2.1 6.00 164.91 170.91 NOTE
r-devel-linux-x86_64-fedora-clang 1.2.1 372.45 NOTE
r-devel-linux-x86_64-fedora-gcc 1.2.1 375.01 NOTE
r-devel-windows-x86_64 1.2.1 12.00 233.00 245.00 NOTE
r-patched-linux-x86_64 1.2.1 8.85 228.87 237.72 NOTE
r-release-linux-x86_64 1.2.1 7.98 228.71 236.69 NOTE
r-release-macos-arm64 1.2.1 111.00 NOTE
r-release-macos-x86_64 1.2.1 213.00 NOTE
r-release-windows-x86_64 1.2.1 10.00 228.00 238.00 NOTE
r-oldrel-macos-arm64 1.2.1 99.00 NOTE
r-oldrel-macos-x86_64 1.2.1 192.00 NOTE
r-oldrel-windows-x86_64 1.2.1 14.00 280.00 294.00 NOTE

Check Details

Version: 1.2.1
Check: CRAN incoming feasibility
Result: NOTE Maintainer: ‘Jakub Wiśniewski <jakwisn@gmail.com>’ The Description field contains <arXiv:2104.00507>. Please refer to arXiv e-prints via their arXiv DOI <doi:10.48550/arXiv.YYMM.NNNNN>. Flavors: r-devel-linux-x86_64-debian-clang, r-devel-linux-x86_64-debian-gcc

Version: 1.2.1
Check: Rd files
Result: NOTE checkRd: (-1) choose_metric.Rd:35: Lost braces in \itemize; \value handles \item{}{} directly checkRd: (-1) choose_metric.Rd:36: Lost braces in \itemize; \value handles \item{}{} directly checkRd: (-1) choose_metric.Rd:37: Lost braces in \itemize; \value handles \item{}{} directly checkRd: (-1) confusion_matrx.Rd:20: Lost braces in \itemize; \value handles \item{}{} directly checkRd: (-1) confusion_matrx.Rd:21: Lost braces in \itemize; \value handles \item{}{} directly checkRd: (-1) confusion_matrx.Rd:22: Lost braces in \itemize; \value handles \item{}{} directly checkRd: (-1) confusion_matrx.Rd:23: Lost braces in \itemize; \value handles \item{}{} directly checkRd: (-1) disparate_impact_remover.Rd:28: Lost braces 28 | pigeonholing. The number of pigeonholes is fixed and equal to min{101, unique(a)}, where a is vector with values for subgroup. So if some subgroup is not numerous and | ^ checkRd: (-1) fairness_check.Rd:47: Lost braces in \itemize; \value handles \item{}{} directly checkRd: (-1) fairness_check.Rd:48: Lost braces in \itemize; \value handles \item{}{} directly checkRd: (-1) fairness_check.Rd:49: Lost braces in \itemize; \value handles \item{}{} directly checkRd: (-1) fairness_check.Rd:50: Lost braces in \itemize; \value handles \item{}{} directly checkRd: (-1) fairness_check.Rd:51: Lost braces in \itemize; \value handles \item{}{} directly checkRd: (-1) fairness_check.Rd:52: Lost braces in \itemize; \value handles \item{}{} directly checkRd: (-1) fairness_check.Rd:53: Lost braces in \itemize; \value handles \item{}{} directly checkRd: (-1) fairness_check.Rd:54: Lost braces in \itemize; \value handles \item{}{} directly checkRd: (-1) fairness_check.Rd:55: Lost braces in \itemize; \value handles \item{}{} directly checkRd: (-1) fairness_check.Rd:56: Lost braces in \itemize; \value handles \item{}{} directly checkRd: (-1) fairness_check.Rd:57: Lost braces in \itemize; \value handles \item{}{} directly checkRd: (-1) fairness_check.Rd:58: Lost braces in \itemize; \value handles \item{}{} directly checkRd: (-1) fairness_check.Rd:61: Lost braces in \itemize; \value handles \item{}{} directly checkRd: (-1) fairness_check.Rd:62: Lost braces in \itemize; \value handles \item{}{} directly checkRd: (-1) fairness_check.Rd:63: Lost braces in \itemize; \value handles \item{}{} directly checkRd: (-1) fairness_check.Rd:64: Lost braces in \itemize; \value handles \item{}{} directly checkRd: (-1) fairness_check.Rd:65: Lost braces in \itemize; \value handles \item{}{} directly checkRd: (-1) fairness_check.Rd:66: Lost braces in \itemize; \value handles \item{}{} directly checkRd: (-1) fairness_heatmap.Rd:12: Lost braces 12 | \item{scale}{logical, if code{TRUE} metrics will be scaled to mean 0 and sd 1. Default \code{FALSE}} | ^ checkRd: (-1) fairness_heatmap.Rd:19: Lost braces in \itemize; \value handles \item{}{} directly checkRd: (-1) fairness_heatmap.Rd:20: Lost braces in \itemize; \value handles \item{}{} directly checkRd: (-1) fairness_heatmap.Rd:21: Lost braces in \itemize; \value handles \item{}{} directly checkRd: (-1) fairness_heatmap.Rd:22: Lost braces in \itemize; \value handles \item{}{} directly checkRd: (-1) fairness_pca.Rd:18: Lost braces in \itemize; \value handles \item{}{} directly checkRd: (-1) fairness_pca.Rd:19: Lost braces in \itemize; \value handles \item{}{} directly checkRd: (-1) fairness_pca.Rd:20: Lost braces in \itemize; \value handles \item{}{} directly checkRd: (-1) fairness_pca.Rd:21: Lost braces in \itemize; \value handles \item{}{} directly checkRd: (-1) fairness_pca.Rd:22: Lost braces in \itemize; \value handles \item{}{} directly checkRd: (-1) fairness_radar.Rd:18: Lost braces in \itemize; \value handles \item{}{} directly checkRd: (-1) fairness_radar.Rd:19: Lost braces in \itemize; \value handles \item{}{} directly checkRd: (-1) group_matrices.Rd:25: Lost braces in \itemize; \value handles \item{}{} directly checkRd: (-1) group_matrices.Rd:26: Lost braces in \itemize; \value handles \item{}{} directly checkRd: (-1) group_matrices.Rd:27: Lost braces in \itemize; \value handles \item{}{} directly checkRd: (-1) group_matrices.Rd:28: Lost braces in \itemize; \value handles \item{}{} directly checkRd: (-1) group_metric.Rd:30: Lost braces in \itemize; \value handles \item{}{} directly checkRd: (-1) group_metric.Rd:31: Lost braces in \itemize; \value handles \item{}{} directly checkRd: (-1) group_metric.Rd:32: Lost braces in \itemize; \value handles \item{}{} directly checkRd: (-1) group_metric.Rd:33: Lost braces in \itemize; \value handles \item{}{} directly checkRd: (-1) metric_scores.Rd:18: Lost braces in \itemize; \value handles \item{}{} directly checkRd: (-1) metric_scores.Rd:19: Lost braces in \itemize; \value handles \item{}{} directly checkRd: (-1) performance_and_fairness.Rd:20: Lost braces in \itemize; \value handles \item{}{} directly checkRd: (-1) performance_and_fairness.Rd:21: Lost braces in \itemize; \value handles \item{}{} directly checkRd: (-1) performance_and_fairness.Rd:22: Lost braces in \itemize; \value handles \item{}{} directly checkRd: (-1) performance_and_fairness.Rd:23: Lost braces in \itemize; \value handles \item{}{} directly Flavors: r-devel-linux-x86_64-debian-clang, r-devel-linux-x86_64-debian-gcc, r-devel-linux-x86_64-fedora-clang, r-devel-linux-x86_64-fedora-gcc, r-devel-windows-x86_64, r-patched-linux-x86_64, r-release-linux-x86_64, r-release-macos-arm64, r-release-macos-x86_64, r-release-windows-x86_64, r-oldrel-macos-arm64, r-oldrel-macos-x86_64, r-oldrel-windows-x86_64

These binaries (installable software) and packages are in development.
They may not be fully stable and should be used with caution. We make no claims about them.
Health stats visible at Monitor.