Last updated on 2025-10-31 03:50:03 CET.
| Flavor | Version | Tinstall | Tcheck | Ttotal | Status | Flags | 
|---|---|---|---|---|---|---|
| r-devel-linux-x86_64-debian-clang | 1.0.0 | 8.76 | 188.31 | 197.07 | OK | |
| r-devel-linux-x86_64-debian-gcc | 1.0.0 | 6.21 | 132.87 | 139.08 | OK | |
| r-devel-linux-x86_64-fedora-clang | 1.0.0 | 21.00 | 259.45 | 280.45 | OK | |
| r-devel-linux-x86_64-fedora-gcc | 1.0.0 | 20.00 | 266.40 | 286.40 | OK | |
| r-devel-windows-x86_64 | 1.0.0 | 10.00 | 233.00 | 243.00 | OK | |
| r-patched-linux-x86_64 | 1.0.0 | 8.92 | 179.83 | 188.75 | OK | |
| r-release-linux-x86_64 | 1.0.0 | 8.73 | 177.58 | 186.31 | OK | |
| r-release-macos-arm64 | 1.0.0 | 5.00 | 108.00 | 113.00 | ERROR | |
| r-release-macos-x86_64 | 1.0.0 | 9.00 | 170.00 | 179.00 | OK | |
| r-release-windows-x86_64 | 1.0.0 | 11.00 | 234.00 | 245.00 | OK | |
| r-oldrel-macos-arm64 | 1.0.0 | 5.00 | 121.00 | 126.00 | ERROR | |
| r-oldrel-macos-x86_64 | 1.0.0 | 13.00 | 198.00 | 211.00 | OK | |
| r-oldrel-windows-x86_64 | 1.0.0 | 15.00 | 271.00 | 286.00 | OK | 
Version: 1.0.0
Check: re-building of vignette outputs
Result: ERROR
  Error(s) in re-building vignettes:
  --- re-building ‘jss.Rmd’ using rmarkdown
  This is pdfTeX, Version 3.141592653-2.6-1.40.24 (TeX Live 2022) (preloaded format=pdflatex)
   restricted \write18 enabled.
  entering extended mode
  
  kpathsea: Running mktexpk --mfmode / --bdpi 600 --mag 1+57/600 --dpi 657 bbm10
  mkdir: ././opt/tex/texmf-var/fonts/pk/ljfour/public: Permission denied
  mktexpk: /opt/tex/texmf-dist/web2c/mktexdir /opt/tex/texmf-var/fonts/pk/ljfour/public/bbm failed.
  kpathsea: Appending font creation commands to missfont.log.
  This is pdfTeX, Version 3.141592653-2.6-1.40.24 (TeX Live 2022) (preloaded format=pdflatex)
   restricted \write18 enabled.
  entering extended mode
  
  kpathsea: Running mktexpk --mfmode / --bdpi 600 --mag 1+57/600 --dpi 657 bbm10
  mkdir: ././opt/tex/texmf-var/fonts/pk/ljfour/public: Permission denied
  mktexpk: /opt/tex/texmf-dist/web2c/mktexdir /opt/tex/texmf-var/fonts/pk/ljfour/public/bbm failed.
  kpathsea: Appending font creation commands to missfont.log.
  This is pdfTeX, Version 3.141592653-2.6-1.40.24 (TeX Live 2022) (preloaded format=pdflatex)
   restricted \write18 enabled.
  entering extended mode
  
  kpathsea: Running mktexpk --mfmode / --bdpi 600 --mag 1+57/600 --dpi 657 bbm10
  mkdir: ././opt/tex/texmf-var/fonts/pk/ljfour/public: Permission denied
  mktexpk: /opt/tex/texmf-dist/web2c/mktexdir /opt/tex/texmf-var/fonts/pk/ljfour/public/bbm failed.
  kpathsea: Appending font creation commands to missfont.log.
  Error: processing vignette 'jss.Rmd' failed with diagnostics:
  LaTeX failed to compile /Volumes/Builds/packages/big-sur-arm64/results/4.5/fairadapt.Rcheck/vign_test/fairadapt/vignettes/jss.tex. See https://yihui.org/tinytex/r/#debugging for debugging tips.
  --- failed re-building ‘jss.Rmd’
  
  SUMMARY: processing the following file failed:
    ‘jss.Rmd’
  
  Error: Vignette re-building failed.
  Execution halted
Flavor: r-release-macos-arm64
Version: 1.0.0
Check: re-building of vignette outputs
Result: ERROR
  Error(s) in re-building vignettes:
  --- re-building ‘jss.Rmd’ using rmarkdown
  This is pdfTeX, Version 3.141592653-2.6-1.40.24 (TeX Live 2022) (preloaded format=pdflatex)
   restricted \write18 enabled.
  entering extended mode
  
  kpathsea: Running mktexpk --mfmode / --bdpi 600 --mag 1+57/600 --dpi 657 bbm10
  mkdir: ././opt/tex/texmf-var/fonts/pk/ljfour/public: Permission denied
  mktexpk: /opt/tex/texmf-dist/web2c/mktexdir /opt/tex/texmf-var/fonts/pk/ljfour/public/bbm failed.
  kpathsea: Appending font creation commands to missfont.log.
  This is pdfTeX, Version 3.141592653-2.6-1.40.24 (TeX Live 2022) (preloaded format=pdflatex)
   restricted \write18 enabled.
  entering extended mode
  
  kpathsea: Running mktexpk --mfmode / --bdpi 600 --mag 1+57/600 --dpi 657 bbm10
  mkdir: ././opt/tex/texmf-var/fonts/pk/ljfour/public: Permission denied
  mktexpk: /opt/tex/texmf-dist/web2c/mktexdir /opt/tex/texmf-var/fonts/pk/ljfour/public/bbm failed.
  kpathsea: Appending font creation commands to missfont.log.
  This is pdfTeX, Version 3.141592653-2.6-1.40.24 (TeX Live 2022) (preloaded format=pdflatex)
   restricted \write18 enabled.
  entering extended mode
  
  kpathsea: Running mktexpk --mfmode / --bdpi 600 --mag 1+57/600 --dpi 657 bbm10
  mkdir: ././opt/tex/texmf-var/fonts/pk/ljfour/public: Permission denied
  mktexpk: /opt/tex/texmf-dist/web2c/mktexdir /opt/tex/texmf-var/fonts/pk/ljfour/public/bbm failed.
  kpathsea: Appending font creation commands to missfont.log.
  Error: processing vignette 'jss.Rmd' failed with diagnostics:
  LaTeX failed to compile /Volumes/Builds/packages/big-sur-arm64/results/4.4/fairadapt.Rcheck/vign_test/fairadapt/vignettes/jss.tex. See https://yihui.org/tinytex/r/#debugging for debugging tips.
  --- failed re-building ‘jss.Rmd’
  
  SUMMARY: processing the following file failed:
    ‘jss.Rmd’
  
  Error: Vignette re-building failed.
  Execution halted
Flavor: r-oldrel-macos-arm64
These binaries (installable software) and packages are in development.
They may not be fully stable and should be used with caution. We make no claims about them.
Health stats visible at Monitor.